{"id":1248,"date":"2021-04-01T09:35:08","date_gmt":"2021-04-01T08:35:08","guid":{"rendered":"http:\/\/dev.jonathan-sanjose.fr\/?page_id=1248"},"modified":"2025-09-10T17:30:57","modified_gmt":"2025-09-10T15:30:57","slug":"expositions-et-visites-guidees-pjp21","status":"publish","type":"page","link":"https:\/\/courtmetrange.eu\/en\/expositions-et-visites-guidees-pjp21\/","title":{"rendered":"Expositions et visites 2021"},"content":{"rendered":"[et_pb_section fb_built=\u00a0\u00bb1&Prime; admin_label=\u00a0\u00bbsection\u00a0\u00bb _builder_version=\u00a0\u00bb4.6.3&Prime; background_color=\u00a0\u00bbrgba(0,0,0,0)\u00a0\u00bb][et_pb_row admin_label=\u00a0\u00bbrow\u00a0\u00bb _builder_version=\u00a0\u00bb3.25&Prime; background_size=\u00a0\u00bbinitial\u00a0\u00bb background_position=\u00a0\u00bbtop_left\u00a0\u00bb background_repeat=\u00a0\u00bbrepeat\u00a0\u00bb][et_pb_column type=\u00a0\u00bb4_4&Prime; _builder_version=\u00a0\u00bb3.25&Prime; custom_padding=\u00a0\u00bb|||\u00a0\u00bb custom_padding__hover=\u00a0\u00bb|||\u00a0\u00bb][et_pb_text _builder_version=\u00a0\u00bb4.9.4&Prime; _module_preset=\u00a0\u00bbdefault\u00a0\u00bb text_font=\u00a0\u00bbClinica-Black||||||||\u00a0\u00bb]<h1 style=\"text-align: center;\">Exhibits and guided tours<\/h1>[\/et_pb_text][\/et_pb_column][\/et_pb_row][et_pb_row column_structure=\u00a0\u00bb1_2,1_2&Prime; _builder_version=\u00a0\u00bb4.6.3&Prime; _module_preset=\u00a0\u00bbdefault\u00a0\u00bb custom_padding=\u00a0\u00bb|||3px||\u00a0\u00bb][et_pb_column type=\u00a0\u00bb1_2&Prime; _builder_version=\u00a0\u00bb4.6.3&Prime; _module_preset=\u00a0\u00bbdefault\u00a0\u00bb][et_pb_image src=\u00a0\u00bbhttps:\/\/courtmetrange.eu\/wp-content\/uploads\/2021\/07\/Diable-au-corps-1.png\u00a0\u00bb title_text=\u00a0\u00bbDiable au corps (1)\u00a0\u00bb _builder_version=\u00a0\u00bb4.9.4&Prime; _module_preset=\u00a0\u00bbdefault\u00a0\u00bb width=\u00a0\u00bb43%\u00a0\u00bb max_width=\u00a0\u00bb47%\u00a0\u00bb module_alignment=\u00a0\u00bbcenter\u00a0\u00bb min_height=\u00a0\u00bb266px\u00a0\u00bb height=\u00a0\u00bb252px\u00a0\u00bb max_height=\u00a0\u00bb316px\u00a0\u00bb custom_margin=\u00a0\u00bb||-14px|||\u00a0\u00bb custom_padding=\u00a0\u00bb1px|2px|2px|||\u00a0\u00bb hover_enabled=\u00a0\u00bb0&Prime; sticky_enabled=\u00a0\u00bb0&Prime;][\/et_pb_image][\/et_pb_column][et_pb_column type=\u00a0\u00bb1_2&Prime; _builder_version=\u00a0\u00bb4.6.3&Prime; _module_preset=\u00a0\u00bbdefault\u00a0\u00bb][et_pb_text _builder_version=\u00a0\u00bb4.6.3&Prime; _module_preset=\u00a0\u00bbdefault\u00a0\u00bb custom_margin=\u00a0\u00bb22px|||||\u00a0\u00bb]<h3>Fantastic exhibit \u2013 <em>Le Diable au corps<\/em><\/h3>\n<p style=\"text-align: justify;\">Since 6 years, the Court M\u00e9trange festival has developed a course of exhibits of contemporary, fantastic and visionary art in order to propose to the visitors a reflection on \"the fantastic image\".\nAs such, the non-profit proposes to broaden the dialogue between the visual arts and cinema by offering young publics an independent event based on the same theme as the festival. The screenings of fantastic, unusual and strange short films will dialogue with an exhibit of visual arts where contemporary artists consider and question the genre of the fantastic within their creative discipline.<\/p>[\/et_pb_text][\/et_pb_column][\/et_pb_row][et_pb_row column_structure=\u00a0\u00bb1_2,1_2&Prime; _builder_version=\u00a0\u00bb4.6.3&Prime; _module_preset=\u00a0\u00bbdefault\u00a0\u00bb][et_pb_column type=\u00a0\u00bb1_2&Prime; _builder_version=\u00a0\u00bb4.6.3&Prime; _module_preset=\u00a0\u00bbdefault\u00a0\u00bb][et_pb_text _builder_version=\u00a0\u00bb4.6.3&Prime; _module_preset=\u00a0\u00bbdefault\u00a0\u00bb custom_margin=\u00a0\u00bb18px|||||\u00a0\u00bb custom_padding=\u00a0\u00bb1px|||||\u00a0\u00bb]<h3>Guided tour \u2013 <em>\u00c9trangement Breizh<\/em><\/h3>\n<p style=\"text-align: justify;\">The Mus\u00e9e de Bretagne offers a guided tour of the strange, unusual and fantastic objects in its permanent collections.  The visit is taken care of by the mediators of the Mus\u00e9e de Bretagne. This visit can be done in Breton (regional language).<\/p>[\/et_pb_text][\/et_pb_column][et_pb_column type=\u00a0\u00bb1_2&Prime; _builder_version=\u00a0\u00bb4.6.3&Prime; _module_preset=\u00a0\u00bbdefault\u00a0\u00bb][et_pb_image src=\u00a0\u00bbhttps:\/\/courtmetrange.eu\/wp-content\/uploads\/2021\/04\/telechargement.png\u00a0\u00bb alt=\u00a0\u00bbMus\u00e9e de Bretagne &#8211; lesChampsLibres\u00a0\u00bb title_text=\u00a0\u00bbt\u00e9l\u00e9chargement\u00a0\u00bb align=\u00a0\u00bbcenter\u00a0\u00bb _builder_version=\u00a0\u00bb4.9.4&Prime; _module_preset=\u00a0\u00bbdefault\u00a0\u00bb width=\u00a0\u00bb92.5%\u00a0\u00bb][\/et_pb_image][\/et_pb_column][\/et_pb_row][\/et_pb_section]","protected":false},"excerpt":{"rendered":"<p>Expositions et visites guid\u00e9esExposition fantastique &#8211; Le Diable au corps Depuis 6 ans, le festival Court M\u00e9trange d\u00e9veloppe un parcours d\u2019expositions d\u2019art contemporain, fantastique et visionnaire afin de proposer aux [&hellip;]<\/p>","protected":false},"author":1,"featured_media":0,"parent":0,"menu_order":0,"comment_status":"closed","ping_status":"closed","template":"","meta":{"_acf_changed":false,"_et_pb_use_builder":"on","_et_pb_old_content":"","_et_gb_content_width":"","footnotes":""},"class_list":["post-1248","page","type-page","status-publish","hentry"],"acf":[],"yoast_head":"<!-- This site is optimized with the Yoast SEO plugin v24.5 - https:\/\/yoast.com\/wordpress\/plugins\/seo\/ -->\n<title>Expositions et visites 2021 - Court M\u00e9trange<\/title>\n<meta name=\"robots\" content=\"noindex, nofollow\" \/>\n<meta property=\"og:locale\" content=\"en_GB\" \/>\n<meta property=\"og:type\" content=\"article\" \/>\n<meta property=\"og:title\" content=\"Expositions et visites 2021 - Court M\u00e9trange\" \/>\n<meta property=\"og:description\" content=\"Expositions et visites guid\u00e9esExposition fantastique - Le Diable au corps Depuis 6 ans, le festival Court M\u00e9trange d\u00e9veloppe un parcours d\u2019expositions d\u2019art contemporain, fantastique et visionnaire afin de proposer aux [&hellip;]\" \/>\n<meta property=\"og:url\" content=\"https:\/\/courtmetrange.eu\/en\/expositions-et-visites-guidees-pjp21\/\" \/>\n<meta property=\"og:site_name\" content=\"Court M\u00e9trange\" \/>\n<meta property=\"article:publisher\" content=\"https:\/\/www.facebook.com\/CourtMetrange\/\" \/>\n<meta property=\"article:modified_time\" content=\"2025-09-10T15:30:57+00:00\" \/>\n<meta name=\"twitter:card\" content=\"summary_large_image\" \/>\n<meta name=\"twitter:site\" content=\"@courtmetrange\" \/>\n<meta name=\"twitter:label1\" content=\"Estimated reading time\" \/>\n\t<meta name=\"twitter:data1\" content=\"2 minutes\" \/>\n<script type=\"application\/ld+json\" class=\"yoast-schema-graph\">{\"@context\":\"https:\/\/schema.org\",\"@graph\":[{\"@type\":\"WebPage\",\"@id\":\"https:\/\/courtmetrange.eu\/expositions-et-visites-guidees-pjp21\/\",\"url\":\"https:\/\/courtmetrange.eu\/expositions-et-visites-guidees-pjp21\/\",\"name\":\"Expositions et visites 2021 - Court M\u00e9trange\",\"isPartOf\":{\"@id\":\"https:\/\/courtmetrange.eu\/en\/#website\"},\"datePublished\":\"2021-04-01T08:35:08+00:00\",\"dateModified\":\"2025-09-10T15:30:57+00:00\",\"breadcrumb\":{\"@id\":\"https:\/\/courtmetrange.eu\/expositions-et-visites-guidees-pjp21\/#breadcrumb\"},\"inLanguage\":\"en-GB\",\"potentialAction\":[{\"@type\":\"ReadAction\",\"target\":[\"https:\/\/courtmetrange.eu\/expositions-et-visites-guidees-pjp21\/\"]}]},{\"@type\":\"BreadcrumbList\",\"@id\":\"https:\/\/courtmetrange.eu\/expositions-et-visites-guidees-pjp21\/#breadcrumb\",\"itemListElement\":[{\"@type\":\"ListItem\",\"position\":1,\"name\":\"Accueil\",\"item\":\"https:\/\/courtmetrange.eu\/\"},{\"@type\":\"ListItem\",\"position\":2,\"name\":\"Expositions et visites 2021\"}]},{\"@type\":\"WebSite\",\"@id\":\"https:\/\/courtmetrange.eu\/en\/#website\",\"url\":\"https:\/\/courtmetrange.eu\/en\/\",\"name\":\"Court M\u00e9trange\",\"description\":\"Festival International du court m\u00e9trage insolite et fantastique de Rennes\",\"publisher\":{\"@id\":\"https:\/\/courtmetrange.eu\/en\/#organization\"},\"potentialAction\":[{\"@type\":\"SearchAction\",\"target\":{\"@type\":\"EntryPoint\",\"urlTemplate\":\"https:\/\/courtmetrange.eu\/en\/?s={search_term_string}\"},\"query-input\":{\"@type\":\"PropertyValueSpecification\",\"valueRequired\":true,\"valueName\":\"search_term_string\"}}],\"inLanguage\":\"en-GB\"},{\"@type\":\"Organization\",\"@id\":\"https:\/\/courtmetrange.eu\/en\/#organization\",\"name\":\"Court M\u00e9trange\",\"url\":\"https:\/\/courtmetrange.eu\/en\/\",\"logo\":{\"@type\":\"ImageObject\",\"inLanguage\":\"en-GB\",\"@id\":\"https:\/\/courtmetrange.eu\/en\/#\/schema\/logo\/image\/\",\"url\":\"https:\/\/courtmetrange.eu\/wp-content\/uploads\/2020\/11\/Logo_CourtMetrange.svg\",\"contentUrl\":\"https:\/\/courtmetrange.eu\/wp-content\/uploads\/2020\/11\/Logo_CourtMetrange.svg\",\"width\":251,\"height\":127,\"caption\":\"Court M\u00e9trange\"},\"image\":{\"@id\":\"https:\/\/courtmetrange.eu\/en\/#\/schema\/logo\/image\/\"},\"sameAs\":[\"https:\/\/www.facebook.com\/CourtMetrange\/\",\"https:\/\/x.com\/courtmetrange\",\"https:\/\/www.instagram.com\/courtmetrange.rennes\/\",\"https:\/\/www.youtube.com\/channel\/UCbS9jcW3uiDQeGgZAT29Emw\/videos\"]}]}<\/script>\n<!-- \/ Yoast SEO plugin. -->","yoast_head_json":{"title":"Expositions et visites 2021 - Court M\u00e9trange","robots":{"index":"noindex","follow":"nofollow"},"og_locale":"en_GB","og_type":"article","og_title":"Expositions et visites 2021 - Court M\u00e9trange","og_description":"Expositions et visites guid\u00e9esExposition fantastique - Le Diable au corps Depuis 6 ans, le festival Court M\u00e9trange d\u00e9veloppe un parcours d\u2019expositions d\u2019art contemporain, fantastique et visionnaire afin de proposer aux [&hellip;]","og_url":"https:\/\/courtmetrange.eu\/en\/expositions-et-visites-guidees-pjp21\/","og_site_name":"Court M\u00e9trange","article_publisher":"https:\/\/www.facebook.com\/CourtMetrange\/","article_modified_time":"2025-09-10T15:30:57+00:00","twitter_card":"summary_large_image","twitter_site":"@courtmetrange","twitter_misc":{"Estimated reading time":"2 minutes"},"schema":{"@context":"https:\/\/schema.org","@graph":[{"@type":"WebPage","@id":"https:\/\/courtmetrange.eu\/expositions-et-visites-guidees-pjp21\/","url":"https:\/\/courtmetrange.eu\/expositions-et-visites-guidees-pjp21\/","name":"Expositions et visites 2021 - Court M\u00e9trange","isPartOf":{"@id":"https:\/\/courtmetrange.eu\/en\/#website"},"datePublished":"2021-04-01T08:35:08+00:00","dateModified":"2025-09-10T15:30:57+00:00","breadcrumb":{"@id":"https:\/\/courtmetrange.eu\/expositions-et-visites-guidees-pjp21\/#breadcrumb"},"inLanguage":"en-GB","potentialAction":[{"@type":"ReadAction","target":["https:\/\/courtmetrange.eu\/expositions-et-visites-guidees-pjp21\/"]}]},{"@type":"BreadcrumbList","@id":"https:\/\/courtmetrange.eu\/expositions-et-visites-guidees-pjp21\/#breadcrumb","itemListElement":[{"@type":"ListItem","position":1,"name":"Accueil","item":"https:\/\/courtmetrange.eu\/"},{"@type":"ListItem","position":2,"name":"Expositions et visites 2021"}]},{"@type":"WebSite","@id":"https:\/\/courtmetrange.eu\/en\/#website","url":"https:\/\/courtmetrange.eu\/en\/","name":"Court M\u00e9trange","description":"Festival International du court m\u00e9trage insolite et fantastique de Rennes","publisher":{"@id":"https:\/\/courtmetrange.eu\/en\/#organization"},"potentialAction":[{"@type":"SearchAction","target":{"@type":"EntryPoint","urlTemplate":"https:\/\/courtmetrange.eu\/en\/?s={search_term_string}"},"query-input":{"@type":"PropertyValueSpecification","valueRequired":true,"valueName":"search_term_string"}}],"inLanguage":"en-GB"},{"@type":"Organization","@id":"https:\/\/courtmetrange.eu\/en\/#organization","name":"Court M\u00e9trange","url":"https:\/\/courtmetrange.eu\/en\/","logo":{"@type":"ImageObject","inLanguage":"en-GB","@id":"https:\/\/courtmetrange.eu\/en\/#\/schema\/logo\/image\/","url":"https:\/\/courtmetrange.eu\/wp-content\/uploads\/2020\/11\/Logo_CourtMetrange.svg","contentUrl":"https:\/\/courtmetrange.eu\/wp-content\/uploads\/2020\/11\/Logo_CourtMetrange.svg","width":251,"height":127,"caption":"Court M\u00e9trange"},"image":{"@id":"https:\/\/courtmetrange.eu\/en\/#\/schema\/logo\/image\/"},"sameAs":["https:\/\/www.facebook.com\/CourtMetrange\/","https:\/\/x.com\/courtmetrange","https:\/\/www.instagram.com\/courtmetrange.rennes\/","https:\/\/www.youtube.com\/channel\/UCbS9jcW3uiDQeGgZAT29Emw\/videos"]}]}},"_links":{"self":[{"href":"https:\/\/courtmetrange.eu\/en\/wp-json\/wp\/v2\/pages\/1248","targetHints":{"allow":["GET"]}}],"collection":[{"href":"https:\/\/courtmetrange.eu\/en\/wp-json\/wp\/v2\/pages"}],"about":[{"href":"https:\/\/courtmetrange.eu\/en\/wp-json\/wp\/v2\/types\/page"}],"author":[{"embeddable":true,"href":"https:\/\/courtmetrange.eu\/en\/wp-json\/wp\/v2\/users\/1"}],"replies":[{"embeddable":true,"href":"https:\/\/courtmetrange.eu\/en\/wp-json\/wp\/v2\/comments?post=1248"}],"version-history":[{"count":19,"href":"https:\/\/courtmetrange.eu\/en\/wp-json\/wp\/v2\/pages\/1248\/revisions"}],"predecessor-version":[{"id":11634,"href":"https:\/\/courtmetrange.eu\/en\/wp-json\/wp\/v2\/pages\/1248\/revisions\/11634"}],"wp:attachment":[{"href":"https:\/\/courtmetrange.eu\/en\/wp-json\/wp\/v2\/media?parent=1248"}],"curies":[{"name":"wp","href":"https:\/\/api.w.org\/{rel}","templated":true}]}}

[et_pb_section fb_built= »1&Prime; admin_label= »section » _builder_version= »4.6.3&Prime; background_color= »rgba(0,0,0,0) »][et_pb_row admin_label= »row » _builder_version= »3.25&Prime; background_size= »initial » background_position= »top_left » background_repeat= »repeat »][et_pb_column type= »4_4&Prime; _builder_version= »3.25&Prime; custom_padding= »||| » custom_padding__hover= »||| »][et_pb_text _builder_version= »4.9.4&Prime; _module_preset= »default » text_font= »Clinica-Black|||||||| »]<h1 style="text-align: center;">Exhibits and guided tours</h1>[/et_pb_text][/et_pb_column][/et_pb_row][et_pb_row column_structure= »1_2,1_2&Prime; _builder_version= »4.6.3&Prime; _module_preset= »default » custom_padding= »|||3px|| »][et_pb_column type= »1_2&Prime; _builder_version= »4.6.3&Prime; _module_preset= »default »][et_pb_image src= »https://courtmetrange.eu/wp-content/uploads/2021/07/Diable-au-corps-1.png » title_text= »Diable au corps (1) » _builder_version= »4.9.4&Prime; _module_preset= »default » width= »43% » max_width= »47% » module_alignment= »center » min_height= »266px » height= »252px » max_height= »316px » custom_margin= »||-14px||| » custom_padding= »1px|2px|2px||| » hover_enabled= »0&Prime; sticky_enabled= »0&Prime;][/et_pb_image][/et_pb_column][et_pb_column type= »1_2&Prime; _builder_version= »4.6.3&Prime; _module_preset= »default »][et_pb_text _builder_version= »4.6.3&Prime; _module_preset= »default » custom_margin= »22px||||| »]<h3>Fantastic exhibit – <em>Le Diable au corps</em></h3>
<p style="text-align: justify;">Since 6 years, the Court Métrange festival has developed a course of exhibits of contemporary, fantastic and visionary art in order to propose to the visitors a reflection on "the fantastic image".
As such, the non-profit proposes to broaden the dialogue between the visual arts and cinema by offering young publics an independent event based on the same theme as the festival. The screenings of fantastic, unusual and strange short films will dialogue with an exhibit of visual arts where contemporary artists consider and question the genre of the fantastic within their creative discipline.</p>[/et_pb_text][/et_pb_column][/et_pb_row][et_pb_row column_structure= »1_2,1_2&Prime; _builder_version= »4.6.3&Prime; _module_preset= »default »][et_pb_column type= »1_2&Prime; _builder_version= »4.6.3&Prime; _module_preset= »default »][et_pb_text _builder_version= »4.6.3&Prime; _module_preset= »default » custom_margin= »18px||||| » custom_padding= »1px||||| »]<h3>Guided tour – <em>Étrangement Breizh</em></h3>
<p style="text-align: justify;">The Musée de Bretagne offers a guided tour of the strange, unusual and fantastic objects in its permanent collections.  The visit is taken care of by the mediators of the Musée de Bretagne. This visit can be done in Breton (regional language).</p>[/et_pb_text][/et_pb_column][et_pb_column type= »1_2&Prime; _builder_version= »4.6.3&Prime; _module_preset= »default »][et_pb_image src= »https://courtmetrange.eu/wp-content/uploads/2021/04/telechargement.png » alt= »Musée de Bretagne &#8211; lesChampsLibres » title_text= »téléchargement » align= »center » _builder_version= »4.9.4&Prime; _module_preset= »default » width= »92.5% »][/et_pb_image][/et_pb_column][/et_pb_row][/et_pb_section]

<p>Expositions et visites guidéesExposition fantastique &#8211; Le Diable au corps Depuis 6 ans, le festival Court Métrange développe un parcours d’expositions d’art contemporain, fantastique et visionnaire afin de proposer aux [&hellip;]</p>

<!-- This site is optimized with the Yoast SEO plugin v24.5 - https://yoast.com/wordpress/plugins/seo/ -->
<title>Expositions et visites 2021 - Court Métrange</title>
<meta name="robots" content="noindex, nofollow" />
<meta property="og:locale" content="en_GB" />
<meta property="og:type" content="article" />
<meta property="og:title" content="Expositions et visites 2021 - Court Métrange" />
<meta property="og:description" content="Expositions et visites guidéesExposition fantastique - Le Diable au corps Depuis 6 ans, le festival Court Métrange développe un parcours d’expositions d’art contemporain, fantastique et visionnaire afin de proposer aux [&hellip;]" />
<meta property="og:url" content="https://courtmetrange.eu/en/expositions-et-visites-guidees-pjp21/" />
<meta property="og:site_name" content="Court Métrange" />
<meta property="article:publisher" content="https://www.facebook.com/CourtMetrange/" />
<meta property="article:modified_time" content="2025-09-10T15:30:57+00:00" />
<meta name="twitter:card" content="summary_large_image" />
<meta name="twitter:site" content="@courtmetrange" />
<meta name="twitter:label1" content="Estimated reading time" />
	<meta name="twitter:data1" content="2 minutes" />
<script type="application/ld+json" class="yoast-schema-graph">{"@context":"https://schema.org","@graph":[{"@type":"WebPage","@id":"https://courtmetrange.eu/expositions-et-visites-guidees-pjp21/","url":"https://courtmetrange.eu/expositions-et-visites-guidees-pjp21/","name":"Expositions et visites 2021 - Court Métrange","isPartOf":{"@id":"https://courtmetrange.eu/en/#website"},"datePublished":"2021-04-01T08:35:08+00:00","dateModified":"2025-09-10T15:30:57+00:00","breadcrumb":{"@id":"https://courtmetrange.eu/expositions-et-visites-guidees-pjp21/#breadcrumb"},"inLanguage":"en-GB","potentialAction":[{"@type":"ReadAction","target":["https://courtmetrange.eu/expositions-et-visites-guidees-pjp21/"]}]},{"@type":"BreadcrumbList","@id":"https://courtmetrange.eu/expositions-et-visites-guidees-pjp21/#breadcrumb","itemListElement":[{"@type":"ListItem","position":1,"name":"Accueil","item":"https://courtmetrange.eu/"},{"@type":"ListItem","position":2,"name":"Expositions et visites 2021"}]},{"@type":"WebSite","@id":"https://courtmetrange.eu/en/#website","url":"https://courtmetrange.eu/en/","name":"Court Métrange","description":"Festival International du court métrage insolite et fantastique de Rennes","publisher":{"@id":"https://courtmetrange.eu/en/#organization"},"potentialAction":[{"@type":"SearchAction","target":{"@type":"EntryPoint","urlTemplate":"https://courtmetrange.eu/en/?s={search_term_string}"},"query-input":{"@type":"PropertyValueSpecification","valueRequired":true,"valueName":"search_term_string"}}],"inLanguage":"en-GB"},{"@type":"Organization","@id":"https://courtmetrange.eu/en/#organization","name":"Court Métrange","url":"https://courtmetrange.eu/en/","logo":{"@type":"ImageObject","inLanguage":"en-GB","@id":"https://courtmetrange.eu/en/#/schema/logo/image/","url":"https://courtmetrange.eu/wp-content/uploads/2020/11/Logo_CourtMetrange.svg","contentUrl":"https://courtmetrange.eu/wp-content/uploads/2020/11/Logo_CourtMetrange.svg","width":251,"height":127,"caption":"Court Métrange"},"image":{"@id":"https://courtmetrange.eu/en/#/schema/logo/image/"},"sameAs":["https://www.facebook.com/CourtMetrange/","https://x.com/courtmetrange","https://www.instagram.com/courtmetrange.rennes/","https://www.youtube.com/channel/UCbS9jcW3uiDQeGgZAT29Emw/videos"]}]}</script>
<!-- / Yoast SEO plugin. -->

Expositions et visites 2021 - Court Métrange

Expositions et visites guidéesExposition fantastique - Le Diable au corps Depuis 6 ans, le festival Court Métrange développe un parcours d’expositions d’art contemporain, fantastique et visionnaire afin de proposer aux [&hellip;]

Court Métrange

Festival International du court métrage insolite et fantastique de Rennes
