{"id":13943,"date":"2025-09-10T17:22:55","date_gmt":"2025-09-10T15:22:55","guid":{"rendered":"https:\/\/courtmetrange.eu\/?post_type=tribe_events&#038;p=13943"},"modified":"2025-09-11T11:50:28","modified_gmt":"2025-09-11T09:50:28","slug":"tetard-les-coulisses-dun-film-danimation","status":"publish","type":"tribe_events","link":"https:\/\/courtmetrange.eu\/en\/agenda\/tetard-les-coulisses-dun-film-danimation\/","title":{"rendered":"T\u00eatard : Les coulisses d&rsquo;un film d&rsquo;animation"},"content":{"rendered":"<p>\u00ab T\u00eatard \u00bb, court-m\u00e9trage de 13 minutes en aquarelle anim\u00e9e et en digital, a \u00e9t\u00e9 d\u00e9velopp\u00e9<br \/>\ndans le cadre du workshop Sc\u00e9nario : puissance &amp; \u00e2me en 2016. Le film est produit par<br \/>\nColette Quesson (\u00c0 perte de vue), en co-production avec Arte France, TVR, T\u00e9b\u00e9O et<br \/>\nT\u00e9b\u00e9Sud, et avec le soutien de la R\u00e9gion Bretagne et du CNC.<\/p>\n<p>Cette exposition plonge dans l&rsquo;univers captivant du court m\u00e9trage T\u00eatard de Jean-Claude<br \/>\nRozec, un film qui explore les fronti\u00e8res entre l&rsquo;humain et l&rsquo;animal \u00e0 travers un regard<br \/>\npo\u00e9tique et d\u00e9rangeant. T\u00e9tard nous invite \u00e0 une r\u00e9flexion sur la transformation, la<br \/>\nvuln\u00e9rabilit\u00e9 et l&rsquo;instinct primal qui cohabitent en nous.<\/p>\n<p>\u00c0 travers une s\u00e9lection d&rsquo;images, de<br \/>\ncroquis, de charadesign&#8230; l&rsquo;exposition d\u00e9voile les coulisses de ce court-m\u00e9trage tout en<br \/>\noffrant une exp\u00e9rience immersive dans cet univers o\u00f9 l&rsquo;animalit\u00e9 et l&rsquo;humanit\u00e9 se m\u00ealent<br \/>\nen eaux troubles. Un v\u00e9ritable voyage sensoriel pour interroger notre rapport au corps, \u00e0 la<br \/>\nnature et \u00e0 ce qui nous d\u00e9finit en tant qu&rsquo;individus.<\/p>\n<p>Du mercredi 01 au dimanche 05 octobre &gt; De 16h30 \u00e0 21h00 en semaine<br \/>\n&gt; De 11h30 \u00e0 21h00 le weekend<\/p>\n","protected":false},"excerpt":{"rendered":"<p> Cette exposition plonge dans l&rsquo;univers captivant du court m\u00e9trage T\u00eatard de Jean-Claude Rozec, un film qui explore les fronti\u00e8res entre l&rsquo;humain et l&rsquo;animal \u00e0 travers un regard po\u00e9tique et d\u00e9rangeant. <\/p>\n","protected":false},"author":8,"featured_media":14137,"comment_status":"closed","ping_status":"closed","template":"","meta":{"_acf_changed":false,"_et_pb_use_builder":"","_et_pb_old_content":"","_et_gb_content_width":"","_tribe_events_status":"","_tribe_events_status_reason":"","footnotes":""},"tags":[],"tribe_events_cat":[124,85],"class_list":["post-13943","tribe_events","type-tribe_events","status-publish","has-post-thumbnail","hentry","tribe_events_cat-expositions","tribe_events_cat-https-courtmetrange-eu-la-programmation","cat_expositions","cat_https-courtmetrange-eu-la-programmation"],"acf":[],"yoast_head":"<!-- This site is optimized with the Yoast SEO plugin v24.5 - https:\/\/yoast.com\/wordpress\/plugins\/seo\/ -->\n<title>T\u00eatard : Les coulisses d&#039;un film d&#039;animation - Court M\u00e9trange<\/title>\n<meta name=\"robots\" content=\"noindex, follow\" \/>\n<meta property=\"og:locale\" content=\"en_GB\" \/>\n<meta property=\"og:type\" content=\"article\" \/>\n<meta property=\"og:title\" content=\"T\u00eatard : Les coulisses d&#039;un film d&#039;animation - Court M\u00e9trange\" \/>\n<meta property=\"og:description\" content=\"Cette exposition plonge dans l&#039;univers captivant du court m\u00e9trage T\u00eatard de Jean-Claude Rozec, un film qui explore les fronti\u00e8res entre l&#039;humain et l&#039;animal \u00e0 travers un regard po\u00e9tique et d\u00e9rangeant.\" \/>\n<meta property=\"og:url\" content=\"https:\/\/courtmetrange.eu\/en\/agenda\/tetard-les-coulisses-dun-film-danimation\/\" \/>\n<meta property=\"og:site_name\" content=\"Court M\u00e9trange\" \/>\n<meta property=\"article:publisher\" content=\"https:\/\/www.facebook.com\/CourtMetrange\/\" \/>\n<meta property=\"article:modified_time\" content=\"2025-09-11T09:50:28+00:00\" \/>\n<meta property=\"og:image\" content=\"https:\/\/courtmetrange.eu\/wp-content\/uploads\/2025\/09\/9-1.png\" \/>\n\t<meta property=\"og:image:width\" content=\"1080\" \/>\n\t<meta property=\"og:image:height\" content=\"1350\" \/>\n\t<meta property=\"og:image:type\" content=\"image\/png\" \/>\n<meta name=\"twitter:card\" content=\"summary_large_image\" \/>\n<meta name=\"twitter:site\" content=\"@courtmetrange\" \/>\n<meta name=\"twitter:label1\" content=\"Estimated reading time\" \/>\n\t<meta name=\"twitter:data1\" content=\"2 minutes\" \/>\n<script type=\"application\/ld+json\" class=\"yoast-schema-graph\">{\"@context\":\"https:\/\/schema.org\",\"@graph\":[{\"@type\":\"WebPage\",\"@id\":\"https:\/\/courtmetrange.eu\/agenda\/tetard-les-coulisses-dun-film-danimation\/\",\"url\":\"https:\/\/courtmetrange.eu\/agenda\/tetard-les-coulisses-dun-film-danimation\/\",\"name\":\"T\u00eatard : Les coulisses d'un film d'animation - Court M\u00e9trange\",\"isPartOf\":{\"@id\":\"https:\/\/courtmetrange.eu\/en\/#website\"},\"primaryImageOfPage\":{\"@id\":\"https:\/\/courtmetrange.eu\/agenda\/tetard-les-coulisses-dun-film-danimation\/#primaryimage\"},\"image\":{\"@id\":\"https:\/\/courtmetrange.eu\/agenda\/tetard-les-coulisses-dun-film-danimation\/#primaryimage\"},\"thumbnailUrl\":\"https:\/\/courtmetrange.eu\/wp-content\/uploads\/2025\/09\/9-1.png\",\"datePublished\":\"2025-09-10T15:22:55+00:00\",\"dateModified\":\"2025-09-11T09:50:28+00:00\",\"breadcrumb\":{\"@id\":\"https:\/\/courtmetrange.eu\/agenda\/tetard-les-coulisses-dun-film-danimation\/#breadcrumb\"},\"inLanguage\":\"en-GB\",\"potentialAction\":[{\"@type\":\"ReadAction\",\"target\":[\"https:\/\/courtmetrange.eu\/agenda\/tetard-les-coulisses-dun-film-danimation\/\"]}]},{\"@type\":\"ImageObject\",\"inLanguage\":\"en-GB\",\"@id\":\"https:\/\/courtmetrange.eu\/agenda\/tetard-les-coulisses-dun-film-danimation\/#primaryimage\",\"url\":\"https:\/\/courtmetrange.eu\/wp-content\/uploads\/2025\/09\/9-1.png\",\"contentUrl\":\"https:\/\/courtmetrange.eu\/wp-content\/uploads\/2025\/09\/9-1.png\",\"width\":1080,\"height\":1350},{\"@type\":\"BreadcrumbList\",\"@id\":\"https:\/\/courtmetrange.eu\/agenda\/tetard-les-coulisses-dun-film-danimation\/#breadcrumb\",\"itemListElement\":[{\"@type\":\"ListItem\",\"position\":1,\"name\":\"Accueil\",\"item\":\"https:\/\/courtmetrange.eu\/\"},{\"@type\":\"ListItem\",\"position\":2,\"name\":\"Events\",\"item\":\"https:\/\/courtmetrange.eu\/en\/agenda\/\"},{\"@type\":\"ListItem\",\"position\":3,\"name\":\"T\u00eatard : Les coulisses d&rsquo;un film d&rsquo;animation\"}]},{\"@type\":\"WebSite\",\"@id\":\"https:\/\/courtmetrange.eu\/en\/#website\",\"url\":\"https:\/\/courtmetrange.eu\/en\/\",\"name\":\"Court M\u00e9trange\",\"description\":\"Festival International du court m\u00e9trage insolite et fantastique de Rennes\",\"publisher\":{\"@id\":\"https:\/\/courtmetrange.eu\/en\/#organization\"},\"potentialAction\":[{\"@type\":\"SearchAction\",\"target\":{\"@type\":\"EntryPoint\",\"urlTemplate\":\"https:\/\/courtmetrange.eu\/en\/?s={search_term_string}\"},\"query-input\":{\"@type\":\"PropertyValueSpecification\",\"valueRequired\":true,\"valueName\":\"search_term_string\"}}],\"inLanguage\":\"en-GB\"},{\"@type\":\"Organization\",\"@id\":\"https:\/\/courtmetrange.eu\/en\/#organization\",\"name\":\"Court M\u00e9trange\",\"url\":\"https:\/\/courtmetrange.eu\/en\/\",\"logo\":{\"@type\":\"ImageObject\",\"inLanguage\":\"en-GB\",\"@id\":\"https:\/\/courtmetrange.eu\/en\/#\/schema\/logo\/image\/\",\"url\":\"https:\/\/courtmetrange.eu\/wp-content\/uploads\/2020\/11\/Logo_CourtMetrange.svg\",\"contentUrl\":\"https:\/\/courtmetrange.eu\/wp-content\/uploads\/2020\/11\/Logo_CourtMetrange.svg\",\"width\":251,\"height\":127,\"caption\":\"Court M\u00e9trange\"},\"image\":{\"@id\":\"https:\/\/courtmetrange.eu\/en\/#\/schema\/logo\/image\/\"},\"sameAs\":[\"https:\/\/www.facebook.com\/CourtMetrange\/\",\"https:\/\/x.com\/courtmetrange\",\"https:\/\/www.instagram.com\/courtmetrange.rennes\/\",\"https:\/\/www.youtube.com\/channel\/UCbS9jcW3uiDQeGgZAT29Emw\/videos\"]}]}<\/script>\n<!-- \/ Yoast SEO plugin. -->","yoast_head_json":{"title":"T\u00eatard : Les coulisses d'un film d'animation - Court M\u00e9trange","robots":{"index":"noindex","follow":"follow"},"og_locale":"en_GB","og_type":"article","og_title":"T\u00eatard : Les coulisses d'un film d'animation - Court M\u00e9trange","og_description":"Cette exposition plonge dans l'univers captivant du court m\u00e9trage T\u00eatard de Jean-Claude Rozec, un film qui explore les fronti\u00e8res entre l'humain et l'animal \u00e0 travers un regard po\u00e9tique et d\u00e9rangeant.","og_url":"https:\/\/courtmetrange.eu\/en\/agenda\/tetard-les-coulisses-dun-film-danimation\/","og_site_name":"Court M\u00e9trange","article_publisher":"https:\/\/www.facebook.com\/CourtMetrange\/","article_modified_time":"2025-09-11T09:50:28+00:00","og_image":[{"width":1080,"height":1350,"url":"https:\/\/courtmetrange.eu\/wp-content\/uploads\/2025\/09\/9-1.png","type":"image\/png"}],"twitter_card":"summary_large_image","twitter_site":"@courtmetrange","twitter_misc":{"Estimated reading time":"2 minutes"},"schema":{"@context":"https:\/\/schema.org","@graph":[{"@type":"WebPage","@id":"https:\/\/courtmetrange.eu\/agenda\/tetard-les-coulisses-dun-film-danimation\/","url":"https:\/\/courtmetrange.eu\/agenda\/tetard-les-coulisses-dun-film-danimation\/","name":"T\u00eatard : Les coulisses d'un film d'animation - Court M\u00e9trange","isPartOf":{"@id":"https:\/\/courtmetrange.eu\/en\/#website"},"primaryImageOfPage":{"@id":"https:\/\/courtmetrange.eu\/agenda\/tetard-les-coulisses-dun-film-danimation\/#primaryimage"},"image":{"@id":"https:\/\/courtmetrange.eu\/agenda\/tetard-les-coulisses-dun-film-danimation\/#primaryimage"},"thumbnailUrl":"https:\/\/courtmetrange.eu\/wp-content\/uploads\/2025\/09\/9-1.png","datePublished":"2025-09-10T15:22:55+00:00","dateModified":"2025-09-11T09:50:28+00:00","breadcrumb":{"@id":"https:\/\/courtmetrange.eu\/agenda\/tetard-les-coulisses-dun-film-danimation\/#breadcrumb"},"inLanguage":"en-GB","potentialAction":[{"@type":"ReadAction","target":["https:\/\/courtmetrange.eu\/agenda\/tetard-les-coulisses-dun-film-danimation\/"]}]},{"@type":"ImageObject","inLanguage":"en-GB","@id":"https:\/\/courtmetrange.eu\/agenda\/tetard-les-coulisses-dun-film-danimation\/#primaryimage","url":"https:\/\/courtmetrange.eu\/wp-content\/uploads\/2025\/09\/9-1.png","contentUrl":"https:\/\/courtmetrange.eu\/wp-content\/uploads\/2025\/09\/9-1.png","width":1080,"height":1350},{"@type":"BreadcrumbList","@id":"https:\/\/courtmetrange.eu\/agenda\/tetard-les-coulisses-dun-film-danimation\/#breadcrumb","itemListElement":[{"@type":"ListItem","position":1,"name":"Accueil","item":"https:\/\/courtmetrange.eu\/"},{"@type":"ListItem","position":2,"name":"Events","item":"https:\/\/courtmetrange.eu\/en\/agenda\/"},{"@type":"ListItem","position":3,"name":"T\u00eatard : Les coulisses d&rsquo;un film d&rsquo;animation"}]},{"@type":"WebSite","@id":"https:\/\/courtmetrange.eu\/en\/#website","url":"https:\/\/courtmetrange.eu\/en\/","name":"Court M\u00e9trange","description":"Festival International du court m\u00e9trage insolite et fantastique de Rennes","publisher":{"@id":"https:\/\/courtmetrange.eu\/en\/#organization"},"potentialAction":[{"@type":"SearchAction","target":{"@type":"EntryPoint","urlTemplate":"https:\/\/courtmetrange.eu\/en\/?s={search_term_string}"},"query-input":{"@type":"PropertyValueSpecification","valueRequired":true,"valueName":"search_term_string"}}],"inLanguage":"en-GB"},{"@type":"Organization","@id":"https:\/\/courtmetrange.eu\/en\/#organization","name":"Court M\u00e9trange","url":"https:\/\/courtmetrange.eu\/en\/","logo":{"@type":"ImageObject","inLanguage":"en-GB","@id":"https:\/\/courtmetrange.eu\/en\/#\/schema\/logo\/image\/","url":"https:\/\/courtmetrange.eu\/wp-content\/uploads\/2020\/11\/Logo_CourtMetrange.svg","contentUrl":"https:\/\/courtmetrange.eu\/wp-content\/uploads\/2020\/11\/Logo_CourtMetrange.svg","width":251,"height":127,"caption":"Court M\u00e9trange"},"image":{"@id":"https:\/\/courtmetrange.eu\/en\/#\/schema\/logo\/image\/"},"sameAs":["https:\/\/www.facebook.com\/CourtMetrange\/","https:\/\/x.com\/courtmetrange","https:\/\/www.instagram.com\/courtmetrange.rennes\/","https:\/\/www.youtube.com\/channel\/UCbS9jcW3uiDQeGgZAT29Emw\/videos"]}]}},"_links":{"self":[{"href":"https:\/\/courtmetrange.eu\/en\/wp-json\/wp\/v2\/tribe_events\/13943","targetHints":{"allow":["GET"]}}],"collection":[{"href":"https:\/\/courtmetrange.eu\/en\/wp-json\/wp\/v2\/tribe_events"}],"about":[{"href":"https:\/\/courtmetrange.eu\/en\/wp-json\/wp\/v2\/types\/tribe_events"}],"author":[{"embeddable":true,"href":"https:\/\/courtmetrange.eu\/en\/wp-json\/wp\/v2\/users\/8"}],"replies":[{"embeddable":true,"href":"https:\/\/courtmetrange.eu\/en\/wp-json\/wp\/v2\/comments?post=13943"}],"version-history":[{"count":1,"href":"https:\/\/courtmetrange.eu\/en\/wp-json\/wp\/v2\/tribe_events\/13943\/revisions"}],"predecessor-version":[{"id":13945,"href":"https:\/\/courtmetrange.eu\/en\/wp-json\/wp\/v2\/tribe_events\/13943\/revisions\/13945"}],"wp:featuredmedia":[{"embeddable":true,"href":"https:\/\/courtmetrange.eu\/en\/wp-json\/wp\/v2\/media\/14137"}],"wp:attachment":[{"href":"https:\/\/courtmetrange.eu\/en\/wp-json\/wp\/v2\/media?parent=13943"}],"wp:term":[{"taxonomy":"post_tag","embeddable":true,"href":"https:\/\/courtmetrange.eu\/en\/wp-json\/wp\/v2\/tags?post=13943"},{"taxonomy":"tribe_events_cat","embeddable":true,"href":"https:\/\/courtmetrange.eu\/en\/wp-json\/wp\/v2\/tribe_events_cat?post=13943"}],"curies":[{"name":"wp","href":"https:\/\/api.w.org\/{rel}","templated":true}]}}

Têtard : Les coulisses d&rsquo;un film d&rsquo;animation

<p>« Têtard », court-métrage de 13 minutes en aquarelle animée et en digital, a été développé<br />
dans le cadre du workshop Scénario : puissance &amp; âme en 2016. Le film est produit par<br />
Colette Quesson (À perte de vue), en co-production avec Arte France, TVR, TébéO et<br />
TébéSud, et avec le soutien de la Région Bretagne et du CNC.</p>
<p>Cette exposition plonge dans l&rsquo;univers captivant du court métrage Têtard de Jean-Claude<br />
Rozec, un film qui explore les frontières entre l&rsquo;humain et l&rsquo;animal à travers un regard<br />
poétique et dérangeant. Tétard nous invite à une réflexion sur la transformation, la<br />
vulnérabilité et l&rsquo;instinct primal qui cohabitent en nous.</p>
<p>À travers une sélection d&rsquo;images, de<br />
croquis, de charadesign&#8230; l&rsquo;exposition dévoile les coulisses de ce court-métrage tout en<br />
offrant une expérience immersive dans cet univers où l&rsquo;animalité et l&rsquo;humanité se mêlent<br />
en eaux troubles. Un véritable voyage sensoriel pour interroger notre rapport au corps, à la<br />
nature et à ce qui nous définit en tant qu&rsquo;individus.</p>
<p>Du mercredi 01 au dimanche 05 octobre &gt; De 16h30 à 21h00 en semaine<br />
&gt; De 11h30 à 21h00 le weekend</p>

<p> Cette exposition plonge dans l&rsquo;univers captivant du court métrage Têtard de Jean-Claude Rozec, un film qui explore les frontières entre l&rsquo;humain et l&rsquo;animal à travers un regard poétique et dérangeant. </p>

<!-- This site is optimized with the Yoast SEO plugin v24.5 - https://yoast.com/wordpress/plugins/seo/ -->
<title>Têtard : Les coulisses d&#039;un film d&#039;animation - Court Métrange</title>
<meta name="robots" content="noindex, follow" />
<meta property="og:locale" content="en_GB" />
<meta property="og:type" content="article" />
<meta property="og:title" content="Têtard : Les coulisses d&#039;un film d&#039;animation - Court Métrange" />
<meta property="og:description" content="Cette exposition plonge dans l&#039;univers captivant du court métrage Têtard de Jean-Claude Rozec, un film qui explore les frontières entre l&#039;humain et l&#039;animal à travers un regard poétique et dérangeant." />
<meta property="og:url" content="https://courtmetrange.eu/en/agenda/tetard-les-coulisses-dun-film-danimation/" />
<meta property="og:site_name" content="Court Métrange" />
<meta property="article:publisher" content="https://www.facebook.com/CourtMetrange/" />
<meta property="article:modified_time" content="2025-09-11T09:50:28+00:00" />
<meta property="og:image" content="https://courtmetrange.eu/wp-content/uploads/2025/09/9-1.png" />
	<meta property="og:image:width" content="1080" />
	<meta property="og:image:height" content="1350" />
	<meta property="og:image:type" content="image/png" />
<meta name="twitter:card" content="summary_large_image" />
<meta name="twitter:site" content="@courtmetrange" />
<meta name="twitter:label1" content="Estimated reading time" />
	<meta name="twitter:data1" content="2 minutes" />
<script type="application/ld+json" class="yoast-schema-graph">{"@context":"https://schema.org","@graph":[{"@type":"WebPage","@id":"https://courtmetrange.eu/agenda/tetard-les-coulisses-dun-film-danimation/","url":"https://courtmetrange.eu/agenda/tetard-les-coulisses-dun-film-danimation/","name":"Têtard : Les coulisses d'un film d'animation - Court Métrange","isPartOf":{"@id":"https://courtmetrange.eu/en/#website"},"primaryImageOfPage":{"@id":"https://courtmetrange.eu/agenda/tetard-les-coulisses-dun-film-danimation/#primaryimage"},"image":{"@id":"https://courtmetrange.eu/agenda/tetard-les-coulisses-dun-film-danimation/#primaryimage"},"thumbnailUrl":"https://courtmetrange.eu/wp-content/uploads/2025/09/9-1.png","datePublished":"2025-09-10T15:22:55+00:00","dateModified":"2025-09-11T09:50:28+00:00","breadcrumb":{"@id":"https://courtmetrange.eu/agenda/tetard-les-coulisses-dun-film-danimation/#breadcrumb"},"inLanguage":"en-GB","potentialAction":[{"@type":"ReadAction","target":["https://courtmetrange.eu/agenda/tetard-les-coulisses-dun-film-danimation/"]}]},{"@type":"ImageObject","inLanguage":"en-GB","@id":"https://courtmetrange.eu/agenda/tetard-les-coulisses-dun-film-danimation/#primaryimage","url":"https://courtmetrange.eu/wp-content/uploads/2025/09/9-1.png","contentUrl":"https://courtmetrange.eu/wp-content/uploads/2025/09/9-1.png","width":1080,"height":1350},{"@type":"BreadcrumbList","@id":"https://courtmetrange.eu/agenda/tetard-les-coulisses-dun-film-danimation/#breadcrumb","itemListElement":[{"@type":"ListItem","position":1,"name":"Accueil","item":"https://courtmetrange.eu/"},{"@type":"ListItem","position":2,"name":"Events","item":"https://courtmetrange.eu/en/agenda/"},{"@type":"ListItem","position":3,"name":"Têtard : Les coulisses d&rsquo;un film d&rsquo;animation"}]},{"@type":"WebSite","@id":"https://courtmetrange.eu/en/#website","url":"https://courtmetrange.eu/en/","name":"Court Métrange","description":"Festival International du court métrage insolite et fantastique de Rennes","publisher":{"@id":"https://courtmetrange.eu/en/#organization"},"potentialAction":[{"@type":"SearchAction","target":{"@type":"EntryPoint","urlTemplate":"https://courtmetrange.eu/en/?s={search_term_string}"},"query-input":{"@type":"PropertyValueSpecification","valueRequired":true,"valueName":"search_term_string"}}],"inLanguage":"en-GB"},{"@type":"Organization","@id":"https://courtmetrange.eu/en/#organization","name":"Court Métrange","url":"https://courtmetrange.eu/en/","logo":{"@type":"ImageObject","inLanguage":"en-GB","@id":"https://courtmetrange.eu/en/#/schema/logo/image/","url":"https://courtmetrange.eu/wp-content/uploads/2020/11/Logo_CourtMetrange.svg","contentUrl":"https://courtmetrange.eu/wp-content/uploads/2020/11/Logo_CourtMetrange.svg","width":251,"height":127,"caption":"Court Métrange"},"image":{"@id":"https://courtmetrange.eu/en/#/schema/logo/image/"},"sameAs":["https://www.facebook.com/CourtMetrange/","https://x.com/courtmetrange","https://www.instagram.com/courtmetrange.rennes/","https://www.youtube.com/channel/UCbS9jcW3uiDQeGgZAT29Emw/videos"]}]}</script>
<!-- / Yoast SEO plugin. -->

Têtard : Les coulisses d'un film d'animation - Court Métrange

Cette exposition plonge dans l'univers captivant du court métrage Têtard de Jean-Claude Rozec, un film qui explore les frontières entre l'humain et l'animal à travers un regard poétique et dérangeant.

Court Métrange

Festival International du court métrage insolite et fantastique de Rennes
