{"id":14324,"date":"2025-09-23T15:59:00","date_gmt":"2025-09-23T13:59:00","guid":{"rendered":"https:\/\/courtmetrange.eu\/?post_type=tribe_events&#038;p=14324"},"modified":"2025-09-23T16:00:03","modified_gmt":"2025-09-23T14:00:03","slug":"la-feline","status":"publish","type":"tribe_events","link":"https:\/\/courtmetrange.eu\/en\/agenda\/la-feline\/","title":{"rendered":"La F\u00e9line"},"content":{"rendered":"<p>La F\u00e9line<\/p>\n<p>Un film de Jacques Tourneur \u2022 1:13 \u2022 1942<br \/>\n\u00c9tats-Unis \u2022 VOSTFR \u2022 D\u00e8s 10 ans<\/p>\n<p>Irina, une jeune femme serbe install\u00e9e \u00e0 New York, craint de porter une mal\u00e9diction ancestrale. Selon la l\u00e9gende de son village, elle pourrait se transformer en panth\u00e8re si elle succombe \u00e0 la passion. Son mariage avec Oliver, un homme rationnel, fait na\u00eetre en elle des peurs incontr\u00f4lables.<br \/>\nEntre d\u00e9sir, jalousie et surnaturel, Irina lutte contre une part d\u2019elle-m\u00eame qu\u2019elle ne comprend pas.<br \/>\nProgramme pouvant heurter la sensibilit\u00e9 du public.<\/p>\n","protected":false},"excerpt":{"rendered":"<p>La F\u00e9line Un film de Jacques Tourneur \u2022 1:13 \u2022 1942 \u00c9tats-Unis \u2022 VOSTFR \u2022 D\u00e8s 10 ans Irina, une jeune femme serbe install\u00e9e \u00e0 New York, craint de porter [&hellip;]<\/p>\n","protected":false},"author":9,"featured_media":14319,"comment_status":"closed","ping_status":"closed","template":"","meta":{"_acf_changed":false,"_et_pb_use_builder":"","_et_pb_old_content":"","_et_gb_content_width":"","_tribe_events_status":"","_tribe_events_status_reason":"","footnotes":""},"tags":[],"tribe_events_cat":[10],"class_list":["post-14324","tribe_events","type-tribe_events","status-publish","has-post-thumbnail","hentry","tribe_events_cat-long-metrange","cat_long-metrange"],"acf":[],"yoast_head":"<!-- This site is optimized with the Yoast SEO plugin v24.5 - https:\/\/yoast.com\/wordpress\/plugins\/seo\/ -->\n<title>La F\u00e9line - Court M\u00e9trange<\/title>\n<meta name=\"robots\" content=\"noindex, follow\" \/>\n<meta property=\"og:locale\" content=\"en_GB\" \/>\n<meta property=\"og:type\" content=\"article\" \/>\n<meta property=\"og:title\" content=\"La F\u00e9line - Court M\u00e9trange\" \/>\n<meta property=\"og:description\" content=\"La F\u00e9line Un film de Jacques Tourneur \u2022 1:13 \u2022 1942 \u00c9tats-Unis \u2022 VOSTFR \u2022 D\u00e8s 10 ans Irina, une jeune femme serbe install\u00e9e \u00e0 New York, craint de porter [&hellip;]\" \/>\n<meta property=\"og:url\" content=\"https:\/\/courtmetrange.eu\/en\/agenda\/la-feline\/\" \/>\n<meta property=\"og:site_name\" content=\"Court M\u00e9trange\" \/>\n<meta property=\"article:publisher\" content=\"https:\/\/www.facebook.com\/CourtMetrange\/\" \/>\n<meta property=\"article:modified_time\" content=\"2025-09-23T14:00:03+00:00\" \/>\n<meta property=\"og:image\" content=\"https:\/\/courtmetrange.eu\/wp-content\/uploads\/2025\/09\/Feline-1942-poster-OK-2.jpg\" \/>\n\t<meta property=\"og:image:width\" content=\"1127\" \/>\n\t<meta property=\"og:image:height\" content=\"1600\" \/>\n\t<meta property=\"og:image:type\" content=\"image\/jpeg\" \/>\n<meta name=\"twitter:card\" content=\"summary_large_image\" \/>\n<meta name=\"twitter:site\" content=\"@courtmetrange\" \/>\n<meta name=\"twitter:label1\" content=\"Estimated reading time\" \/>\n\t<meta name=\"twitter:data1\" content=\"1 minute\" \/>\n<script type=\"application\/ld+json\" class=\"yoast-schema-graph\">{\"@context\":\"https:\/\/schema.org\",\"@graph\":[{\"@type\":\"WebPage\",\"@id\":\"https:\/\/courtmetrange.eu\/agenda\/la-feline\/\",\"url\":\"https:\/\/courtmetrange.eu\/agenda\/la-feline\/\",\"name\":\"La F\u00e9line - Court M\u00e9trange\",\"isPartOf\":{\"@id\":\"https:\/\/courtmetrange.eu\/en\/#website\"},\"primaryImageOfPage\":{\"@id\":\"https:\/\/courtmetrange.eu\/agenda\/la-feline\/#primaryimage\"},\"image\":{\"@id\":\"https:\/\/courtmetrange.eu\/agenda\/la-feline\/#primaryimage\"},\"thumbnailUrl\":\"https:\/\/courtmetrange.eu\/wp-content\/uploads\/2025\/09\/Feline-1942-poster-OK-2.jpg\",\"datePublished\":\"2025-09-23T13:59:00+00:00\",\"dateModified\":\"2025-09-23T14:00:03+00:00\",\"breadcrumb\":{\"@id\":\"https:\/\/courtmetrange.eu\/agenda\/la-feline\/#breadcrumb\"},\"inLanguage\":\"en-GB\",\"potentialAction\":[{\"@type\":\"ReadAction\",\"target\":[\"https:\/\/courtmetrange.eu\/agenda\/la-feline\/\"]}]},{\"@type\":\"ImageObject\",\"inLanguage\":\"en-GB\",\"@id\":\"https:\/\/courtmetrange.eu\/agenda\/la-feline\/#primaryimage\",\"url\":\"https:\/\/courtmetrange.eu\/wp-content\/uploads\/2025\/09\/Feline-1942-poster-OK-2.jpg\",\"contentUrl\":\"https:\/\/courtmetrange.eu\/wp-content\/uploads\/2025\/09\/Feline-1942-poster-OK-2.jpg\",\"width\":1127,\"height\":1600},{\"@type\":\"BreadcrumbList\",\"@id\":\"https:\/\/courtmetrange.eu\/agenda\/la-feline\/#breadcrumb\",\"itemListElement\":[{\"@type\":\"ListItem\",\"position\":1,\"name\":\"Accueil\",\"item\":\"https:\/\/courtmetrange.eu\/\"},{\"@type\":\"ListItem\",\"position\":2,\"name\":\"Events\",\"item\":\"https:\/\/courtmetrange.eu\/en\/agenda\/\"},{\"@type\":\"ListItem\",\"position\":3,\"name\":\"La F\u00e9line\"}]},{\"@type\":\"WebSite\",\"@id\":\"https:\/\/courtmetrange.eu\/en\/#website\",\"url\":\"https:\/\/courtmetrange.eu\/en\/\",\"name\":\"Court M\u00e9trange\",\"description\":\"Festival International du court m\u00e9trage insolite et fantastique de Rennes\",\"publisher\":{\"@id\":\"https:\/\/courtmetrange.eu\/en\/#organization\"},\"potentialAction\":[{\"@type\":\"SearchAction\",\"target\":{\"@type\":\"EntryPoint\",\"urlTemplate\":\"https:\/\/courtmetrange.eu\/en\/?s={search_term_string}\"},\"query-input\":{\"@type\":\"PropertyValueSpecification\",\"valueRequired\":true,\"valueName\":\"search_term_string\"}}],\"inLanguage\":\"en-GB\"},{\"@type\":\"Organization\",\"@id\":\"https:\/\/courtmetrange.eu\/en\/#organization\",\"name\":\"Court M\u00e9trange\",\"url\":\"https:\/\/courtmetrange.eu\/en\/\",\"logo\":{\"@type\":\"ImageObject\",\"inLanguage\":\"en-GB\",\"@id\":\"https:\/\/courtmetrange.eu\/en\/#\/schema\/logo\/image\/\",\"url\":\"https:\/\/courtmetrange.eu\/wp-content\/uploads\/2020\/11\/Logo_CourtMetrange.svg\",\"contentUrl\":\"https:\/\/courtmetrange.eu\/wp-content\/uploads\/2020\/11\/Logo_CourtMetrange.svg\",\"width\":251,\"height\":127,\"caption\":\"Court M\u00e9trange\"},\"image\":{\"@id\":\"https:\/\/courtmetrange.eu\/en\/#\/schema\/logo\/image\/\"},\"sameAs\":[\"https:\/\/www.facebook.com\/CourtMetrange\/\",\"https:\/\/x.com\/courtmetrange\",\"https:\/\/www.instagram.com\/courtmetrange.rennes\/\",\"https:\/\/www.youtube.com\/channel\/UCbS9jcW3uiDQeGgZAT29Emw\/videos\"]}]}<\/script>\n<!-- \/ Yoast SEO plugin. -->","yoast_head_json":{"title":"La F\u00e9line - Court M\u00e9trange","robots":{"index":"noindex","follow":"follow"},"og_locale":"en_GB","og_type":"article","og_title":"La F\u00e9line - Court M\u00e9trange","og_description":"La F\u00e9line Un film de Jacques Tourneur \u2022 1:13 \u2022 1942 \u00c9tats-Unis \u2022 VOSTFR \u2022 D\u00e8s 10 ans Irina, une jeune femme serbe install\u00e9e \u00e0 New York, craint de porter [&hellip;]","og_url":"https:\/\/courtmetrange.eu\/en\/agenda\/la-feline\/","og_site_name":"Court M\u00e9trange","article_publisher":"https:\/\/www.facebook.com\/CourtMetrange\/","article_modified_time":"2025-09-23T14:00:03+00:00","og_image":[{"width":1127,"height":1600,"url":"https:\/\/courtmetrange.eu\/wp-content\/uploads\/2025\/09\/Feline-1942-poster-OK-2.jpg","type":"image\/jpeg"}],"twitter_card":"summary_large_image","twitter_site":"@courtmetrange","twitter_misc":{"Estimated reading time":"1 minute"},"schema":{"@context":"https:\/\/schema.org","@graph":[{"@type":"WebPage","@id":"https:\/\/courtmetrange.eu\/agenda\/la-feline\/","url":"https:\/\/courtmetrange.eu\/agenda\/la-feline\/","name":"La F\u00e9line - Court M\u00e9trange","isPartOf":{"@id":"https:\/\/courtmetrange.eu\/en\/#website"},"primaryImageOfPage":{"@id":"https:\/\/courtmetrange.eu\/agenda\/la-feline\/#primaryimage"},"image":{"@id":"https:\/\/courtmetrange.eu\/agenda\/la-feline\/#primaryimage"},"thumbnailUrl":"https:\/\/courtmetrange.eu\/wp-content\/uploads\/2025\/09\/Feline-1942-poster-OK-2.jpg","datePublished":"2025-09-23T13:59:00+00:00","dateModified":"2025-09-23T14:00:03+00:00","breadcrumb":{"@id":"https:\/\/courtmetrange.eu\/agenda\/la-feline\/#breadcrumb"},"inLanguage":"en-GB","potentialAction":[{"@type":"ReadAction","target":["https:\/\/courtmetrange.eu\/agenda\/la-feline\/"]}]},{"@type":"ImageObject","inLanguage":"en-GB","@id":"https:\/\/courtmetrange.eu\/agenda\/la-feline\/#primaryimage","url":"https:\/\/courtmetrange.eu\/wp-content\/uploads\/2025\/09\/Feline-1942-poster-OK-2.jpg","contentUrl":"https:\/\/courtmetrange.eu\/wp-content\/uploads\/2025\/09\/Feline-1942-poster-OK-2.jpg","width":1127,"height":1600},{"@type":"BreadcrumbList","@id":"https:\/\/courtmetrange.eu\/agenda\/la-feline\/#breadcrumb","itemListElement":[{"@type":"ListItem","position":1,"name":"Accueil","item":"https:\/\/courtmetrange.eu\/"},{"@type":"ListItem","position":2,"name":"Events","item":"https:\/\/courtmetrange.eu\/en\/agenda\/"},{"@type":"ListItem","position":3,"name":"La F\u00e9line"}]},{"@type":"WebSite","@id":"https:\/\/courtmetrange.eu\/en\/#website","url":"https:\/\/courtmetrange.eu\/en\/","name":"Court M\u00e9trange","description":"Festival International du court m\u00e9trage insolite et fantastique de Rennes","publisher":{"@id":"https:\/\/courtmetrange.eu\/en\/#organization"},"potentialAction":[{"@type":"SearchAction","target":{"@type":"EntryPoint","urlTemplate":"https:\/\/courtmetrange.eu\/en\/?s={search_term_string}"},"query-input":{"@type":"PropertyValueSpecification","valueRequired":true,"valueName":"search_term_string"}}],"inLanguage":"en-GB"},{"@type":"Organization","@id":"https:\/\/courtmetrange.eu\/en\/#organization","name":"Court M\u00e9trange","url":"https:\/\/courtmetrange.eu\/en\/","logo":{"@type":"ImageObject","inLanguage":"en-GB","@id":"https:\/\/courtmetrange.eu\/en\/#\/schema\/logo\/image\/","url":"https:\/\/courtmetrange.eu\/wp-content\/uploads\/2020\/11\/Logo_CourtMetrange.svg","contentUrl":"https:\/\/courtmetrange.eu\/wp-content\/uploads\/2020\/11\/Logo_CourtMetrange.svg","width":251,"height":127,"caption":"Court M\u00e9trange"},"image":{"@id":"https:\/\/courtmetrange.eu\/en\/#\/schema\/logo\/image\/"},"sameAs":["https:\/\/www.facebook.com\/CourtMetrange\/","https:\/\/x.com\/courtmetrange","https:\/\/www.instagram.com\/courtmetrange.rennes\/","https:\/\/www.youtube.com\/channel\/UCbS9jcW3uiDQeGgZAT29Emw\/videos"]}]}},"_links":{"self":[{"href":"https:\/\/courtmetrange.eu\/en\/wp-json\/wp\/v2\/tribe_events\/14324","targetHints":{"allow":["GET"]}}],"collection":[{"href":"https:\/\/courtmetrange.eu\/en\/wp-json\/wp\/v2\/tribe_events"}],"about":[{"href":"https:\/\/courtmetrange.eu\/en\/wp-json\/wp\/v2\/types\/tribe_events"}],"author":[{"embeddable":true,"href":"https:\/\/courtmetrange.eu\/en\/wp-json\/wp\/v2\/users\/9"}],"replies":[{"embeddable":true,"href":"https:\/\/courtmetrange.eu\/en\/wp-json\/wp\/v2\/comments?post=14324"}],"version-history":[{"count":2,"href":"https:\/\/courtmetrange.eu\/en\/wp-json\/wp\/v2\/tribe_events\/14324\/revisions"}],"predecessor-version":[{"id":14326,"href":"https:\/\/courtmetrange.eu\/en\/wp-json\/wp\/v2\/tribe_events\/14324\/revisions\/14326"}],"wp:featuredmedia":[{"embeddable":true,"href":"https:\/\/courtmetrange.eu\/en\/wp-json\/wp\/v2\/media\/14319"}],"wp:attachment":[{"href":"https:\/\/courtmetrange.eu\/en\/wp-json\/wp\/v2\/media?parent=14324"}],"wp:term":[{"taxonomy":"post_tag","embeddable":true,"href":"https:\/\/courtmetrange.eu\/en\/wp-json\/wp\/v2\/tags?post=14324"},{"taxonomy":"tribe_events_cat","embeddable":true,"href":"https:\/\/courtmetrange.eu\/en\/wp-json\/wp\/v2\/tribe_events_cat?post=14324"}],"curies":[{"name":"wp","href":"https:\/\/api.w.org\/{rel}","templated":true}]}}

La Féline

<p>La Féline</p>
<p>Un film de Jacques Tourneur • 1:13 • 1942<br />
États-Unis • VOSTFR • Dès 10 ans</p>
<p>Irina, une jeune femme serbe installée à New York, craint de porter une malédiction ancestrale. Selon la légende de son village, elle pourrait se transformer en panthère si elle succombe à la passion. Son mariage avec Oliver, un homme rationnel, fait naître en elle des peurs incontrôlables.<br />
Entre désir, jalousie et surnaturel, Irina lutte contre une part d’elle-même qu’elle ne comprend pas.<br />
Programme pouvant heurter la sensibilité du public.</p>

<p>La Féline Un film de Jacques Tourneur • 1:13 • 1942 États-Unis • VOSTFR • Dès 10 ans Irina, une jeune femme serbe installée à New York, craint de porter [&hellip;]</p>

<!-- This site is optimized with the Yoast SEO plugin v24.5 - https://yoast.com/wordpress/plugins/seo/ -->
<title>La Féline - Court Métrange</title>
<meta name="robots" content="noindex, follow" />
<meta property="og:locale" content="en_GB" />
<meta property="og:type" content="article" />
<meta property="og:title" content="La Féline - Court Métrange" />
<meta property="og:description" content="La Féline Un film de Jacques Tourneur • 1:13 • 1942 États-Unis • VOSTFR • Dès 10 ans Irina, une jeune femme serbe installée à New York, craint de porter [&hellip;]" />
<meta property="og:url" content="https://courtmetrange.eu/en/agenda/la-feline/" />
<meta property="og:site_name" content="Court Métrange" />
<meta property="article:publisher" content="https://www.facebook.com/CourtMetrange/" />
<meta property="article:modified_time" content="2025-09-23T14:00:03+00:00" />
<meta property="og:image" content="https://courtmetrange.eu/wp-content/uploads/2025/09/Feline-1942-poster-OK-2.jpg" />
	<meta property="og:image:width" content="1127" />
	<meta property="og:image:height" content="1600" />
	<meta property="og:image:type" content="image/jpeg" />
<meta name="twitter:card" content="summary_large_image" />
<meta name="twitter:site" content="@courtmetrange" />
<meta name="twitter:label1" content="Estimated reading time" />
	<meta name="twitter:data1" content="1 minute" />
<script type="application/ld+json" class="yoast-schema-graph">{"@context":"https://schema.org","@graph":[{"@type":"WebPage","@id":"https://courtmetrange.eu/agenda/la-feline/","url":"https://courtmetrange.eu/agenda/la-feline/","name":"La Féline - Court Métrange","isPartOf":{"@id":"https://courtmetrange.eu/en/#website"},"primaryImageOfPage":{"@id":"https://courtmetrange.eu/agenda/la-feline/#primaryimage"},"image":{"@id":"https://courtmetrange.eu/agenda/la-feline/#primaryimage"},"thumbnailUrl":"https://courtmetrange.eu/wp-content/uploads/2025/09/Feline-1942-poster-OK-2.jpg","datePublished":"2025-09-23T13:59:00+00:00","dateModified":"2025-09-23T14:00:03+00:00","breadcrumb":{"@id":"https://courtmetrange.eu/agenda/la-feline/#breadcrumb"},"inLanguage":"en-GB","potentialAction":[{"@type":"ReadAction","target":["https://courtmetrange.eu/agenda/la-feline/"]}]},{"@type":"ImageObject","inLanguage":"en-GB","@id":"https://courtmetrange.eu/agenda/la-feline/#primaryimage","url":"https://courtmetrange.eu/wp-content/uploads/2025/09/Feline-1942-poster-OK-2.jpg","contentUrl":"https://courtmetrange.eu/wp-content/uploads/2025/09/Feline-1942-poster-OK-2.jpg","width":1127,"height":1600},{"@type":"BreadcrumbList","@id":"https://courtmetrange.eu/agenda/la-feline/#breadcrumb","itemListElement":[{"@type":"ListItem","position":1,"name":"Accueil","item":"https://courtmetrange.eu/"},{"@type":"ListItem","position":2,"name":"Events","item":"https://courtmetrange.eu/en/agenda/"},{"@type":"ListItem","position":3,"name":"La Féline"}]},{"@type":"WebSite","@id":"https://courtmetrange.eu/en/#website","url":"https://courtmetrange.eu/en/","name":"Court Métrange","description":"Festival International du court métrage insolite et fantastique de Rennes","publisher":{"@id":"https://courtmetrange.eu/en/#organization"},"potentialAction":[{"@type":"SearchAction","target":{"@type":"EntryPoint","urlTemplate":"https://courtmetrange.eu/en/?s={search_term_string}"},"query-input":{"@type":"PropertyValueSpecification","valueRequired":true,"valueName":"search_term_string"}}],"inLanguage":"en-GB"},{"@type":"Organization","@id":"https://courtmetrange.eu/en/#organization","name":"Court Métrange","url":"https://courtmetrange.eu/en/","logo":{"@type":"ImageObject","inLanguage":"en-GB","@id":"https://courtmetrange.eu/en/#/schema/logo/image/","url":"https://courtmetrange.eu/wp-content/uploads/2020/11/Logo_CourtMetrange.svg","contentUrl":"https://courtmetrange.eu/wp-content/uploads/2020/11/Logo_CourtMetrange.svg","width":251,"height":127,"caption":"Court Métrange"},"image":{"@id":"https://courtmetrange.eu/en/#/schema/logo/image/"},"sameAs":["https://www.facebook.com/CourtMetrange/","https://x.com/courtmetrange","https://www.instagram.com/courtmetrange.rennes/","https://www.youtube.com/channel/UCbS9jcW3uiDQeGgZAT29Emw/videos"]}]}</script>
<!-- / Yoast SEO plugin. -->

La Féline - Court Métrange

La Féline Un film de Jacques Tourneur • 1:13 • 1942 États-Unis • VOSTFR • Dès 10 ans Irina, une jeune femme serbe installée à New York, craint de porter [&hellip;]

Court Métrange

Festival International du court métrage insolite et fantastique de Rennes
