{"id":14480,"date":"2025-09-29T13:27:23","date_gmt":"2025-09-29T11:27:23","guid":{"rendered":"https:\/\/courtmetrange.eu\/?post_type=tribe_events&#038;p=14480"},"modified":"2025-09-30T11:24:48","modified_gmt":"2025-09-30T09:24:48","slug":"le-cafe-philo","status":"publish","type":"tribe_events","link":"https:\/\/courtmetrange.eu\/en\/agenda\/le-cafe-philo\/","title":{"rendered":"LE CAF\u00c9 PHILO"},"content":{"rendered":"<p>En partenariat avec Les Champs Libres, ce rendez-vous unique de Caf\u00e9 Philo vous invite \u00e0 explorer la th\u00e9matique de l\u2019animalit\u00e9, en \u00e9cho \u00e0 l\u2019univers de Court M\u00e9trange.<br \/>\nAnim\u00e9 par des professeur\u00b7es de philosophie en activit\u00e9, cet \u00e9change vous offre un moment de r\u00e9flexion et de partage autour des liens entre humains, animaux, et mondes \u00e9tranges. L\u2019approche vise \u00e0 stimuler la pens\u00e9e dans sa diversit\u00e9 et son autonomie, sans personnalisation, pour favoriser un dialogue ouvert et enrichissant.<br \/>\nQue vous soyez passionn\u00e9\u00b7es de philosophie ou simplement curieux\u00b7ses, ce Caf\u00e9 Philo est une invitation \u00e0 penser autrement et ensemble<\/p>\n<p>Mercredi 01 octobre &gt; 18h30<br \/>\nCaf\u00e9 des Champs Libres<\/p>\n<p>Entr\u00e9e Gratuite<\/p>\n","protected":false},"excerpt":{"rendered":"<p>En partenariat avec Les Champs Libres, ce rendez-vous unique de Caf\u00e9 Philo vous invite \u00e0 explorer la th\u00e9matique de l\u2019animalit\u00e9, en \u00e9cho \u00e0 l\u2019univers de Court M\u00e9trange. Anim\u00e9 par des [&hellip;]<\/p>\n","protected":false},"author":9,"featured_media":14513,"comment_status":"closed","ping_status":"closed","template":"","meta":{"_acf_changed":false,"_et_pb_use_builder":"","_et_pb_old_content":"","_et_gb_content_width":"","_tribe_events_status":"","_tribe_events_status_reason":"","footnotes":""},"tags":[],"tribe_events_cat":[8,85],"class_list":["post-14480","tribe_events","type-tribe_events","status-publish","has-post-thumbnail","hentry","tribe_events_cat-rencontre","tribe_events_cat-https-courtmetrange-eu-la-programmation","cat_rencontre","cat_https-courtmetrange-eu-la-programmation"],"acf":[],"yoast_head":"<!-- This site is optimized with the Yoast SEO plugin v24.5 - https:\/\/yoast.com\/wordpress\/plugins\/seo\/ -->\n<title>LE CAF\u00c9 PHILO - Court M\u00e9trange<\/title>\n<meta name=\"robots\" content=\"noindex, follow\" \/>\n<meta property=\"og:locale\" content=\"en_GB\" \/>\n<meta property=\"og:type\" content=\"article\" \/>\n<meta property=\"og:title\" content=\"LE CAF\u00c9 PHILO - Court M\u00e9trange\" \/>\n<meta property=\"og:description\" content=\"En partenariat avec Les Champs Libres, ce rendez-vous unique de Caf\u00e9 Philo vous invite \u00e0 explorer la th\u00e9matique de l\u2019animalit\u00e9, en \u00e9cho \u00e0 l\u2019univers de Court M\u00e9trange. Anim\u00e9 par des [&hellip;]\" \/>\n<meta property=\"og:url\" content=\"https:\/\/courtmetrange.eu\/en\/agenda\/le-cafe-philo\/\" \/>\n<meta property=\"og:site_name\" content=\"Court M\u00e9trange\" \/>\n<meta property=\"article:publisher\" content=\"https:\/\/www.facebook.com\/CourtMetrange\/\" \/>\n<meta property=\"article:modified_time\" content=\"2025-09-30T09:24:48+00:00\" \/>\n<meta property=\"og:image\" content=\"https:\/\/courtmetrange.eu\/wp-content\/uploads\/2025\/09\/photo-20.png\" \/>\n\t<meta property=\"og:image:width\" content=\"715\" \/>\n\t<meta property=\"og:image:height\" content=\"684\" \/>\n\t<meta property=\"og:image:type\" content=\"image\/png\" \/>\n<meta name=\"twitter:card\" content=\"summary_large_image\" \/>\n<meta name=\"twitter:site\" content=\"@courtmetrange\" \/>\n<meta name=\"twitter:label1\" content=\"Estimated reading time\" \/>\n\t<meta name=\"twitter:data1\" content=\"1 minute\" \/>\n<script type=\"application\/ld+json\" class=\"yoast-schema-graph\">{\"@context\":\"https:\/\/schema.org\",\"@graph\":[{\"@type\":\"WebPage\",\"@id\":\"https:\/\/courtmetrange.eu\/agenda\/le-cafe-philo\/\",\"url\":\"https:\/\/courtmetrange.eu\/agenda\/le-cafe-philo\/\",\"name\":\"LE CAF\u00c9 PHILO - Court M\u00e9trange\",\"isPartOf\":{\"@id\":\"https:\/\/courtmetrange.eu\/en\/#website\"},\"primaryImageOfPage\":{\"@id\":\"https:\/\/courtmetrange.eu\/agenda\/le-cafe-philo\/#primaryimage\"},\"image\":{\"@id\":\"https:\/\/courtmetrange.eu\/agenda\/le-cafe-philo\/#primaryimage\"},\"thumbnailUrl\":\"https:\/\/courtmetrange.eu\/wp-content\/uploads\/2025\/09\/photo-20.png\",\"datePublished\":\"2025-09-29T11:27:23+00:00\",\"dateModified\":\"2025-09-30T09:24:48+00:00\",\"breadcrumb\":{\"@id\":\"https:\/\/courtmetrange.eu\/agenda\/le-cafe-philo\/#breadcrumb\"},\"inLanguage\":\"en-GB\",\"potentialAction\":[{\"@type\":\"ReadAction\",\"target\":[\"https:\/\/courtmetrange.eu\/agenda\/le-cafe-philo\/\"]}]},{\"@type\":\"ImageObject\",\"inLanguage\":\"en-GB\",\"@id\":\"https:\/\/courtmetrange.eu\/agenda\/le-cafe-philo\/#primaryimage\",\"url\":\"https:\/\/courtmetrange.eu\/wp-content\/uploads\/2025\/09\/photo-20.png\",\"contentUrl\":\"https:\/\/courtmetrange.eu\/wp-content\/uploads\/2025\/09\/photo-20.png\",\"width\":715,\"height\":684},{\"@type\":\"BreadcrumbList\",\"@id\":\"https:\/\/courtmetrange.eu\/agenda\/le-cafe-philo\/#breadcrumb\",\"itemListElement\":[{\"@type\":\"ListItem\",\"position\":1,\"name\":\"Accueil\",\"item\":\"https:\/\/courtmetrange.eu\/\"},{\"@type\":\"ListItem\",\"position\":2,\"name\":\"Events\",\"item\":\"https:\/\/courtmetrange.eu\/en\/agenda\/\"},{\"@type\":\"ListItem\",\"position\":3,\"name\":\"LE CAF\u00c9 PHILO\"}]},{\"@type\":\"WebSite\",\"@id\":\"https:\/\/courtmetrange.eu\/en\/#website\",\"url\":\"https:\/\/courtmetrange.eu\/en\/\",\"name\":\"Court M\u00e9trange\",\"description\":\"Festival International du court m\u00e9trage insolite et fantastique de Rennes\",\"publisher\":{\"@id\":\"https:\/\/courtmetrange.eu\/en\/#organization\"},\"potentialAction\":[{\"@type\":\"SearchAction\",\"target\":{\"@type\":\"EntryPoint\",\"urlTemplate\":\"https:\/\/courtmetrange.eu\/en\/?s={search_term_string}\"},\"query-input\":{\"@type\":\"PropertyValueSpecification\",\"valueRequired\":true,\"valueName\":\"search_term_string\"}}],\"inLanguage\":\"en-GB\"},{\"@type\":\"Organization\",\"@id\":\"https:\/\/courtmetrange.eu\/en\/#organization\",\"name\":\"Court M\u00e9trange\",\"url\":\"https:\/\/courtmetrange.eu\/en\/\",\"logo\":{\"@type\":\"ImageObject\",\"inLanguage\":\"en-GB\",\"@id\":\"https:\/\/courtmetrange.eu\/en\/#\/schema\/logo\/image\/\",\"url\":\"https:\/\/courtmetrange.eu\/wp-content\/uploads\/2020\/11\/Logo_CourtMetrange.svg\",\"contentUrl\":\"https:\/\/courtmetrange.eu\/wp-content\/uploads\/2020\/11\/Logo_CourtMetrange.svg\",\"width\":251,\"height\":127,\"caption\":\"Court M\u00e9trange\"},\"image\":{\"@id\":\"https:\/\/courtmetrange.eu\/en\/#\/schema\/logo\/image\/\"},\"sameAs\":[\"https:\/\/www.facebook.com\/CourtMetrange\/\",\"https:\/\/x.com\/courtmetrange\",\"https:\/\/www.instagram.com\/courtmetrange.rennes\/\",\"https:\/\/www.youtube.com\/channel\/UCbS9jcW3uiDQeGgZAT29Emw\/videos\"]}]}<\/script>\n<!-- \/ Yoast SEO plugin. -->","yoast_head_json":{"title":"LE CAF\u00c9 PHILO - Court M\u00e9trange","robots":{"index":"noindex","follow":"follow"},"og_locale":"en_GB","og_type":"article","og_title":"LE CAF\u00c9 PHILO - Court M\u00e9trange","og_description":"En partenariat avec Les Champs Libres, ce rendez-vous unique de Caf\u00e9 Philo vous invite \u00e0 explorer la th\u00e9matique de l\u2019animalit\u00e9, en \u00e9cho \u00e0 l\u2019univers de Court M\u00e9trange. Anim\u00e9 par des [&hellip;]","og_url":"https:\/\/courtmetrange.eu\/en\/agenda\/le-cafe-philo\/","og_site_name":"Court M\u00e9trange","article_publisher":"https:\/\/www.facebook.com\/CourtMetrange\/","article_modified_time":"2025-09-30T09:24:48+00:00","og_image":[{"width":715,"height":684,"url":"https:\/\/courtmetrange.eu\/wp-content\/uploads\/2025\/09\/photo-20.png","type":"image\/png"}],"twitter_card":"summary_large_image","twitter_site":"@courtmetrange","twitter_misc":{"Estimated reading time":"1 minute"},"schema":{"@context":"https:\/\/schema.org","@graph":[{"@type":"WebPage","@id":"https:\/\/courtmetrange.eu\/agenda\/le-cafe-philo\/","url":"https:\/\/courtmetrange.eu\/agenda\/le-cafe-philo\/","name":"LE CAF\u00c9 PHILO - Court M\u00e9trange","isPartOf":{"@id":"https:\/\/courtmetrange.eu\/en\/#website"},"primaryImageOfPage":{"@id":"https:\/\/courtmetrange.eu\/agenda\/le-cafe-philo\/#primaryimage"},"image":{"@id":"https:\/\/courtmetrange.eu\/agenda\/le-cafe-philo\/#primaryimage"},"thumbnailUrl":"https:\/\/courtmetrange.eu\/wp-content\/uploads\/2025\/09\/photo-20.png","datePublished":"2025-09-29T11:27:23+00:00","dateModified":"2025-09-30T09:24:48+00:00","breadcrumb":{"@id":"https:\/\/courtmetrange.eu\/agenda\/le-cafe-philo\/#breadcrumb"},"inLanguage":"en-GB","potentialAction":[{"@type":"ReadAction","target":["https:\/\/courtmetrange.eu\/agenda\/le-cafe-philo\/"]}]},{"@type":"ImageObject","inLanguage":"en-GB","@id":"https:\/\/courtmetrange.eu\/agenda\/le-cafe-philo\/#primaryimage","url":"https:\/\/courtmetrange.eu\/wp-content\/uploads\/2025\/09\/photo-20.png","contentUrl":"https:\/\/courtmetrange.eu\/wp-content\/uploads\/2025\/09\/photo-20.png","width":715,"height":684},{"@type":"BreadcrumbList","@id":"https:\/\/courtmetrange.eu\/agenda\/le-cafe-philo\/#breadcrumb","itemListElement":[{"@type":"ListItem","position":1,"name":"Accueil","item":"https:\/\/courtmetrange.eu\/"},{"@type":"ListItem","position":2,"name":"Events","item":"https:\/\/courtmetrange.eu\/en\/agenda\/"},{"@type":"ListItem","position":3,"name":"LE CAF\u00c9 PHILO"}]},{"@type":"WebSite","@id":"https:\/\/courtmetrange.eu\/en\/#website","url":"https:\/\/courtmetrange.eu\/en\/","name":"Court M\u00e9trange","description":"Festival International du court m\u00e9trage insolite et fantastique de Rennes","publisher":{"@id":"https:\/\/courtmetrange.eu\/en\/#organization"},"potentialAction":[{"@type":"SearchAction","target":{"@type":"EntryPoint","urlTemplate":"https:\/\/courtmetrange.eu\/en\/?s={search_term_string}"},"query-input":{"@type":"PropertyValueSpecification","valueRequired":true,"valueName":"search_term_string"}}],"inLanguage":"en-GB"},{"@type":"Organization","@id":"https:\/\/courtmetrange.eu\/en\/#organization","name":"Court M\u00e9trange","url":"https:\/\/courtmetrange.eu\/en\/","logo":{"@type":"ImageObject","inLanguage":"en-GB","@id":"https:\/\/courtmetrange.eu\/en\/#\/schema\/logo\/image\/","url":"https:\/\/courtmetrange.eu\/wp-content\/uploads\/2020\/11\/Logo_CourtMetrange.svg","contentUrl":"https:\/\/courtmetrange.eu\/wp-content\/uploads\/2020\/11\/Logo_CourtMetrange.svg","width":251,"height":127,"caption":"Court M\u00e9trange"},"image":{"@id":"https:\/\/courtmetrange.eu\/en\/#\/schema\/logo\/image\/"},"sameAs":["https:\/\/www.facebook.com\/CourtMetrange\/","https:\/\/x.com\/courtmetrange","https:\/\/www.instagram.com\/courtmetrange.rennes\/","https:\/\/www.youtube.com\/channel\/UCbS9jcW3uiDQeGgZAT29Emw\/videos"]}]}},"_links":{"self":[{"href":"https:\/\/courtmetrange.eu\/en\/wp-json\/wp\/v2\/tribe_events\/14480","targetHints":{"allow":["GET"]}}],"collection":[{"href":"https:\/\/courtmetrange.eu\/en\/wp-json\/wp\/v2\/tribe_events"}],"about":[{"href":"https:\/\/courtmetrange.eu\/en\/wp-json\/wp\/v2\/types\/tribe_events"}],"author":[{"embeddable":true,"href":"https:\/\/courtmetrange.eu\/en\/wp-json\/wp\/v2\/users\/9"}],"replies":[{"embeddable":true,"href":"https:\/\/courtmetrange.eu\/en\/wp-json\/wp\/v2\/comments?post=14480"}],"version-history":[{"count":2,"href":"https:\/\/courtmetrange.eu\/en\/wp-json\/wp\/v2\/tribe_events\/14480\/revisions"}],"predecessor-version":[{"id":14539,"href":"https:\/\/courtmetrange.eu\/en\/wp-json\/wp\/v2\/tribe_events\/14480\/revisions\/14539"}],"wp:featuredmedia":[{"embeddable":true,"href":"https:\/\/courtmetrange.eu\/en\/wp-json\/wp\/v2\/media\/14513"}],"wp:attachment":[{"href":"https:\/\/courtmetrange.eu\/en\/wp-json\/wp\/v2\/media?parent=14480"}],"wp:term":[{"taxonomy":"post_tag","embeddable":true,"href":"https:\/\/courtmetrange.eu\/en\/wp-json\/wp\/v2\/tags?post=14480"},{"taxonomy":"tribe_events_cat","embeddable":true,"href":"https:\/\/courtmetrange.eu\/en\/wp-json\/wp\/v2\/tribe_events_cat?post=14480"}],"curies":[{"name":"wp","href":"https:\/\/api.w.org\/{rel}","templated":true}]}}

LE CAFÉ PHILO

<p>En partenariat avec Les Champs Libres, ce rendez-vous unique de Café Philo vous invite à explorer la thématique de l’animalité, en écho à l’univers de Court Métrange.<br />
Animé par des professeur·es de philosophie en activité, cet échange vous offre un moment de réflexion et de partage autour des liens entre humains, animaux, et mondes étranges. L’approche vise à stimuler la pensée dans sa diversité et son autonomie, sans personnalisation, pour favoriser un dialogue ouvert et enrichissant.<br />
Que vous soyez passionné·es de philosophie ou simplement curieux·ses, ce Café Philo est une invitation à penser autrement et ensemble</p>
<p>Mercredi 01 octobre &gt; 18h30<br />
Café des Champs Libres</p>
<p>Entrée Gratuite</p>

<p>En partenariat avec Les Champs Libres, ce rendez-vous unique de Café Philo vous invite à explorer la thématique de l’animalité, en écho à l’univers de Court Métrange. Animé par des [&hellip;]</p>

<!-- This site is optimized with the Yoast SEO plugin v24.5 - https://yoast.com/wordpress/plugins/seo/ -->
<title>LE CAFÉ PHILO - Court Métrange</title>
<meta name="robots" content="noindex, follow" />
<meta property="og:locale" content="en_GB" />
<meta property="og:type" content="article" />
<meta property="og:title" content="LE CAFÉ PHILO - Court Métrange" />
<meta property="og:description" content="En partenariat avec Les Champs Libres, ce rendez-vous unique de Café Philo vous invite à explorer la thématique de l’animalité, en écho à l’univers de Court Métrange. Animé par des [&hellip;]" />
<meta property="og:url" content="https://courtmetrange.eu/en/agenda/le-cafe-philo/" />
<meta property="og:site_name" content="Court Métrange" />
<meta property="article:publisher" content="https://www.facebook.com/CourtMetrange/" />
<meta property="article:modified_time" content="2025-09-30T09:24:48+00:00" />
<meta property="og:image" content="https://courtmetrange.eu/wp-content/uploads/2025/09/photo-20.png" />
	<meta property="og:image:width" content="715" />
	<meta property="og:image:height" content="684" />
	<meta property="og:image:type" content="image/png" />
<meta name="twitter:card" content="summary_large_image" />
<meta name="twitter:site" content="@courtmetrange" />
<meta name="twitter:label1" content="Estimated reading time" />
	<meta name="twitter:data1" content="1 minute" />
<script type="application/ld+json" class="yoast-schema-graph">{"@context":"https://schema.org","@graph":[{"@type":"WebPage","@id":"https://courtmetrange.eu/agenda/le-cafe-philo/","url":"https://courtmetrange.eu/agenda/le-cafe-philo/","name":"LE CAFÉ PHILO - Court Métrange","isPartOf":{"@id":"https://courtmetrange.eu/en/#website"},"primaryImageOfPage":{"@id":"https://courtmetrange.eu/agenda/le-cafe-philo/#primaryimage"},"image":{"@id":"https://courtmetrange.eu/agenda/le-cafe-philo/#primaryimage"},"thumbnailUrl":"https://courtmetrange.eu/wp-content/uploads/2025/09/photo-20.png","datePublished":"2025-09-29T11:27:23+00:00","dateModified":"2025-09-30T09:24:48+00:00","breadcrumb":{"@id":"https://courtmetrange.eu/agenda/le-cafe-philo/#breadcrumb"},"inLanguage":"en-GB","potentialAction":[{"@type":"ReadAction","target":["https://courtmetrange.eu/agenda/le-cafe-philo/"]}]},{"@type":"ImageObject","inLanguage":"en-GB","@id":"https://courtmetrange.eu/agenda/le-cafe-philo/#primaryimage","url":"https://courtmetrange.eu/wp-content/uploads/2025/09/photo-20.png","contentUrl":"https://courtmetrange.eu/wp-content/uploads/2025/09/photo-20.png","width":715,"height":684},{"@type":"BreadcrumbList","@id":"https://courtmetrange.eu/agenda/le-cafe-philo/#breadcrumb","itemListElement":[{"@type":"ListItem","position":1,"name":"Accueil","item":"https://courtmetrange.eu/"},{"@type":"ListItem","position":2,"name":"Events","item":"https://courtmetrange.eu/en/agenda/"},{"@type":"ListItem","position":3,"name":"LE CAFÉ PHILO"}]},{"@type":"WebSite","@id":"https://courtmetrange.eu/en/#website","url":"https://courtmetrange.eu/en/","name":"Court Métrange","description":"Festival International du court métrage insolite et fantastique de Rennes","publisher":{"@id":"https://courtmetrange.eu/en/#organization"},"potentialAction":[{"@type":"SearchAction","target":{"@type":"EntryPoint","urlTemplate":"https://courtmetrange.eu/en/?s={search_term_string}"},"query-input":{"@type":"PropertyValueSpecification","valueRequired":true,"valueName":"search_term_string"}}],"inLanguage":"en-GB"},{"@type":"Organization","@id":"https://courtmetrange.eu/en/#organization","name":"Court Métrange","url":"https://courtmetrange.eu/en/","logo":{"@type":"ImageObject","inLanguage":"en-GB","@id":"https://courtmetrange.eu/en/#/schema/logo/image/","url":"https://courtmetrange.eu/wp-content/uploads/2020/11/Logo_CourtMetrange.svg","contentUrl":"https://courtmetrange.eu/wp-content/uploads/2020/11/Logo_CourtMetrange.svg","width":251,"height":127,"caption":"Court Métrange"},"image":{"@id":"https://courtmetrange.eu/en/#/schema/logo/image/"},"sameAs":["https://www.facebook.com/CourtMetrange/","https://x.com/courtmetrange","https://www.instagram.com/courtmetrange.rennes/","https://www.youtube.com/channel/UCbS9jcW3uiDQeGgZAT29Emw/videos"]}]}</script>
<!-- / Yoast SEO plugin. -->

LE CAFÉ PHILO - Court Métrange

En partenariat avec Les Champs Libres, ce rendez-vous unique de Café Philo vous invite à explorer la thématique de l’animalité, en écho à l’univers de Court Métrange. Animé par des [&hellip;]

Court Métrange

Festival International du court métrage insolite et fantastique de Rennes
