{"id":14491,"date":"2025-09-29T16:32:32","date_gmt":"2025-09-29T14:32:32","guid":{"rendered":"https:\/\/courtmetrange.eu\/?post_type=tribe_events&#038;p=14491"},"modified":"2025-09-30T11:20:37","modified_gmt":"2025-09-30T09:20:37","slug":"les-legendes-du-ciel","status":"publish","type":"tribe_events","link":"https:\/\/courtmetrange.eu\/en\/agenda\/les-legendes-du-ciel\/","title":{"rendered":"LES L\u00c9GENDES DU CIEL"},"content":{"rendered":"<p>Le Plan\u00e9tarium de l\u2019Espace des sciences de Rennes, sp\u00e9cialiste de l\u2019Infiniment Grand, s\u2019associe \u00e0 Court M\u00e9trange pour vous inviter \u00e0 un voyage fantastique. \u00c0 travers les \u00e2ges, l\u2019humanit\u00e9 a cr\u00e9\u00e9 des l\u00e9gendes pour comprendre les myst\u00e8res du ciel, notamment les r\u00e9cits grecs qui \u00e9clairent encore aujourd\u2019hui les constellations.<br \/>\nCette s\u00e9ance plongera les participant\u00b7es dans ces histoires fascinantes \u00e0 l\u2019origine de l\u2019astronomie<\/p>\n<p>Mercredi 01 octobre \u00e0 17h30<br \/>\nPlan\u00e9tarium de l\u2019Espace des Sciences de Rennes<\/p>\n<p>Billetterie et tarif du plan\u00e9tarium<\/p>\n","protected":false},"excerpt":{"rendered":"<p>Le Plan\u00e9tarium de l\u2019Espace des sciences de Rennes, sp\u00e9cialiste de l\u2019Infiniment Grand, s\u2019associe \u00e0 Court M\u00e9trange pour vous inviter \u00e0 un voyage fantastique. \u00c0 travers les \u00e2ges, l\u2019humanit\u00e9 a cr\u00e9\u00e9 [&hellip;]<\/p>\n","protected":false},"author":9,"featured_media":14495,"comment_status":"closed","ping_status":"closed","template":"","meta":{"_acf_changed":false,"_et_pb_use_builder":"","_et_pb_old_content":"","_et_gb_content_width":"","_tribe_events_status":"","_tribe_events_status_reason":"","footnotes":""},"tags":[],"tribe_events_cat":[8,85],"class_list":["post-14491","tribe_events","type-tribe_events","status-publish","has-post-thumbnail","hentry","tribe_events_cat-rencontre","tribe_events_cat-https-courtmetrange-eu-la-programmation","cat_rencontre","cat_https-courtmetrange-eu-la-programmation"],"acf":[],"yoast_head":"<!-- This site is optimized with the Yoast SEO plugin v24.5 - https:\/\/yoast.com\/wordpress\/plugins\/seo\/ -->\n<title>LES L\u00c9GENDES DU CIEL - Court M\u00e9trange<\/title>\n<meta name=\"robots\" content=\"noindex, follow\" \/>\n<meta property=\"og:locale\" content=\"en_GB\" \/>\n<meta property=\"og:type\" content=\"article\" \/>\n<meta property=\"og:title\" content=\"LES L\u00c9GENDES DU CIEL - Court M\u00e9trange\" \/>\n<meta property=\"og:description\" content=\"Le Plan\u00e9tarium de l\u2019Espace des sciences de Rennes, sp\u00e9cialiste de l\u2019Infiniment Grand, s\u2019associe \u00e0 Court M\u00e9trange pour vous inviter \u00e0 un voyage fantastique. \u00c0 travers les \u00e2ges, l\u2019humanit\u00e9 a cr\u00e9\u00e9 [&hellip;]\" \/>\n<meta property=\"og:url\" content=\"https:\/\/courtmetrange.eu\/en\/agenda\/les-legendes-du-ciel\/\" \/>\n<meta property=\"og:site_name\" content=\"Court M\u00e9trange\" \/>\n<meta property=\"article:publisher\" content=\"https:\/\/www.facebook.com\/CourtMetrange\/\" \/>\n<meta property=\"article:modified_time\" content=\"2025-09-30T09:20:37+00:00\" \/>\n<meta property=\"og:image\" content=\"https:\/\/courtmetrange.eu\/wp-content\/uploads\/2025\/09\/photo-02.png\" \/>\n\t<meta property=\"og:image:width\" content=\"642\" \/>\n\t<meta property=\"og:image:height\" content=\"642\" \/>\n\t<meta property=\"og:image:type\" content=\"image\/png\" \/>\n<meta name=\"twitter:card\" content=\"summary_large_image\" \/>\n<meta name=\"twitter:site\" content=\"@courtmetrange\" \/>\n<meta name=\"twitter:label1\" content=\"Estimated reading time\" \/>\n\t<meta name=\"twitter:data1\" content=\"1 minute\" \/>\n<script type=\"application\/ld+json\" class=\"yoast-schema-graph\">{\"@context\":\"https:\/\/schema.org\",\"@graph\":[{\"@type\":\"WebPage\",\"@id\":\"https:\/\/courtmetrange.eu\/agenda\/les-legendes-du-ciel\/\",\"url\":\"https:\/\/courtmetrange.eu\/agenda\/les-legendes-du-ciel\/\",\"name\":\"LES L\u00c9GENDES DU CIEL - Court M\u00e9trange\",\"isPartOf\":{\"@id\":\"https:\/\/courtmetrange.eu\/en\/#website\"},\"primaryImageOfPage\":{\"@id\":\"https:\/\/courtmetrange.eu\/agenda\/les-legendes-du-ciel\/#primaryimage\"},\"image\":{\"@id\":\"https:\/\/courtmetrange.eu\/agenda\/les-legendes-du-ciel\/#primaryimage\"},\"thumbnailUrl\":\"https:\/\/courtmetrange.eu\/wp-content\/uploads\/2025\/09\/photo-02.png\",\"datePublished\":\"2025-09-29T14:32:32+00:00\",\"dateModified\":\"2025-09-30T09:20:37+00:00\",\"breadcrumb\":{\"@id\":\"https:\/\/courtmetrange.eu\/agenda\/les-legendes-du-ciel\/#breadcrumb\"},\"inLanguage\":\"en-GB\",\"potentialAction\":[{\"@type\":\"ReadAction\",\"target\":[\"https:\/\/courtmetrange.eu\/agenda\/les-legendes-du-ciel\/\"]}]},{\"@type\":\"ImageObject\",\"inLanguage\":\"en-GB\",\"@id\":\"https:\/\/courtmetrange.eu\/agenda\/les-legendes-du-ciel\/#primaryimage\",\"url\":\"https:\/\/courtmetrange.eu\/wp-content\/uploads\/2025\/09\/photo-02.png\",\"contentUrl\":\"https:\/\/courtmetrange.eu\/wp-content\/uploads\/2025\/09\/photo-02.png\",\"width\":642,\"height\":642},{\"@type\":\"BreadcrumbList\",\"@id\":\"https:\/\/courtmetrange.eu\/agenda\/les-legendes-du-ciel\/#breadcrumb\",\"itemListElement\":[{\"@type\":\"ListItem\",\"position\":1,\"name\":\"Accueil\",\"item\":\"https:\/\/courtmetrange.eu\/\"},{\"@type\":\"ListItem\",\"position\":2,\"name\":\"Events\",\"item\":\"https:\/\/courtmetrange.eu\/en\/agenda\/\"},{\"@type\":\"ListItem\",\"position\":3,\"name\":\"LES L\u00c9GENDES DU CIEL\"}]},{\"@type\":\"WebSite\",\"@id\":\"https:\/\/courtmetrange.eu\/en\/#website\",\"url\":\"https:\/\/courtmetrange.eu\/en\/\",\"name\":\"Court M\u00e9trange\",\"description\":\"Festival International du court m\u00e9trage insolite et fantastique de Rennes\",\"publisher\":{\"@id\":\"https:\/\/courtmetrange.eu\/en\/#organization\"},\"potentialAction\":[{\"@type\":\"SearchAction\",\"target\":{\"@type\":\"EntryPoint\",\"urlTemplate\":\"https:\/\/courtmetrange.eu\/en\/?s={search_term_string}\"},\"query-input\":{\"@type\":\"PropertyValueSpecification\",\"valueRequired\":true,\"valueName\":\"search_term_string\"}}],\"inLanguage\":\"en-GB\"},{\"@type\":\"Organization\",\"@id\":\"https:\/\/courtmetrange.eu\/en\/#organization\",\"name\":\"Court M\u00e9trange\",\"url\":\"https:\/\/courtmetrange.eu\/en\/\",\"logo\":{\"@type\":\"ImageObject\",\"inLanguage\":\"en-GB\",\"@id\":\"https:\/\/courtmetrange.eu\/en\/#\/schema\/logo\/image\/\",\"url\":\"https:\/\/courtmetrange.eu\/wp-content\/uploads\/2020\/11\/Logo_CourtMetrange.svg\",\"contentUrl\":\"https:\/\/courtmetrange.eu\/wp-content\/uploads\/2020\/11\/Logo_CourtMetrange.svg\",\"width\":251,\"height\":127,\"caption\":\"Court M\u00e9trange\"},\"image\":{\"@id\":\"https:\/\/courtmetrange.eu\/en\/#\/schema\/logo\/image\/\"},\"sameAs\":[\"https:\/\/www.facebook.com\/CourtMetrange\/\",\"https:\/\/x.com\/courtmetrange\",\"https:\/\/www.instagram.com\/courtmetrange.rennes\/\",\"https:\/\/www.youtube.com\/channel\/UCbS9jcW3uiDQeGgZAT29Emw\/videos\"]}]}<\/script>\n<!-- \/ Yoast SEO plugin. -->","yoast_head_json":{"title":"LES L\u00c9GENDES DU CIEL - Court M\u00e9trange","robots":{"index":"noindex","follow":"follow"},"og_locale":"en_GB","og_type":"article","og_title":"LES L\u00c9GENDES DU CIEL - Court M\u00e9trange","og_description":"Le Plan\u00e9tarium de l\u2019Espace des sciences de Rennes, sp\u00e9cialiste de l\u2019Infiniment Grand, s\u2019associe \u00e0 Court M\u00e9trange pour vous inviter \u00e0 un voyage fantastique. \u00c0 travers les \u00e2ges, l\u2019humanit\u00e9 a cr\u00e9\u00e9 [&hellip;]","og_url":"https:\/\/courtmetrange.eu\/en\/agenda\/les-legendes-du-ciel\/","og_site_name":"Court M\u00e9trange","article_publisher":"https:\/\/www.facebook.com\/CourtMetrange\/","article_modified_time":"2025-09-30T09:20:37+00:00","og_image":[{"width":642,"height":642,"url":"https:\/\/courtmetrange.eu\/wp-content\/uploads\/2025\/09\/photo-02.png","type":"image\/png"}],"twitter_card":"summary_large_image","twitter_site":"@courtmetrange","twitter_misc":{"Estimated reading time":"1 minute"},"schema":{"@context":"https:\/\/schema.org","@graph":[{"@type":"WebPage","@id":"https:\/\/courtmetrange.eu\/agenda\/les-legendes-du-ciel\/","url":"https:\/\/courtmetrange.eu\/agenda\/les-legendes-du-ciel\/","name":"LES L\u00c9GENDES DU CIEL - Court M\u00e9trange","isPartOf":{"@id":"https:\/\/courtmetrange.eu\/en\/#website"},"primaryImageOfPage":{"@id":"https:\/\/courtmetrange.eu\/agenda\/les-legendes-du-ciel\/#primaryimage"},"image":{"@id":"https:\/\/courtmetrange.eu\/agenda\/les-legendes-du-ciel\/#primaryimage"},"thumbnailUrl":"https:\/\/courtmetrange.eu\/wp-content\/uploads\/2025\/09\/photo-02.png","datePublished":"2025-09-29T14:32:32+00:00","dateModified":"2025-09-30T09:20:37+00:00","breadcrumb":{"@id":"https:\/\/courtmetrange.eu\/agenda\/les-legendes-du-ciel\/#breadcrumb"},"inLanguage":"en-GB","potentialAction":[{"@type":"ReadAction","target":["https:\/\/courtmetrange.eu\/agenda\/les-legendes-du-ciel\/"]}]},{"@type":"ImageObject","inLanguage":"en-GB","@id":"https:\/\/courtmetrange.eu\/agenda\/les-legendes-du-ciel\/#primaryimage","url":"https:\/\/courtmetrange.eu\/wp-content\/uploads\/2025\/09\/photo-02.png","contentUrl":"https:\/\/courtmetrange.eu\/wp-content\/uploads\/2025\/09\/photo-02.png","width":642,"height":642},{"@type":"BreadcrumbList","@id":"https:\/\/courtmetrange.eu\/agenda\/les-legendes-du-ciel\/#breadcrumb","itemListElement":[{"@type":"ListItem","position":1,"name":"Accueil","item":"https:\/\/courtmetrange.eu\/"},{"@type":"ListItem","position":2,"name":"Events","item":"https:\/\/courtmetrange.eu\/en\/agenda\/"},{"@type":"ListItem","position":3,"name":"LES L\u00c9GENDES DU CIEL"}]},{"@type":"WebSite","@id":"https:\/\/courtmetrange.eu\/en\/#website","url":"https:\/\/courtmetrange.eu\/en\/","name":"Court M\u00e9trange","description":"Festival International du court m\u00e9trage insolite et fantastique de Rennes","publisher":{"@id":"https:\/\/courtmetrange.eu\/en\/#organization"},"potentialAction":[{"@type":"SearchAction","target":{"@type":"EntryPoint","urlTemplate":"https:\/\/courtmetrange.eu\/en\/?s={search_term_string}"},"query-input":{"@type":"PropertyValueSpecification","valueRequired":true,"valueName":"search_term_string"}}],"inLanguage":"en-GB"},{"@type":"Organization","@id":"https:\/\/courtmetrange.eu\/en\/#organization","name":"Court M\u00e9trange","url":"https:\/\/courtmetrange.eu\/en\/","logo":{"@type":"ImageObject","inLanguage":"en-GB","@id":"https:\/\/courtmetrange.eu\/en\/#\/schema\/logo\/image\/","url":"https:\/\/courtmetrange.eu\/wp-content\/uploads\/2020\/11\/Logo_CourtMetrange.svg","contentUrl":"https:\/\/courtmetrange.eu\/wp-content\/uploads\/2020\/11\/Logo_CourtMetrange.svg","width":251,"height":127,"caption":"Court M\u00e9trange"},"image":{"@id":"https:\/\/courtmetrange.eu\/en\/#\/schema\/logo\/image\/"},"sameAs":["https:\/\/www.facebook.com\/CourtMetrange\/","https:\/\/x.com\/courtmetrange","https:\/\/www.instagram.com\/courtmetrange.rennes\/","https:\/\/www.youtube.com\/channel\/UCbS9jcW3uiDQeGgZAT29Emw\/videos"]}]}},"_links":{"self":[{"href":"https:\/\/courtmetrange.eu\/en\/wp-json\/wp\/v2\/tribe_events\/14491","targetHints":{"allow":["GET"]}}],"collection":[{"href":"https:\/\/courtmetrange.eu\/en\/wp-json\/wp\/v2\/tribe_events"}],"about":[{"href":"https:\/\/courtmetrange.eu\/en\/wp-json\/wp\/v2\/types\/tribe_events"}],"author":[{"embeddable":true,"href":"https:\/\/courtmetrange.eu\/en\/wp-json\/wp\/v2\/users\/9"}],"replies":[{"embeddable":true,"href":"https:\/\/courtmetrange.eu\/en\/wp-json\/wp\/v2\/comments?post=14491"}],"version-history":[{"count":2,"href":"https:\/\/courtmetrange.eu\/en\/wp-json\/wp\/v2\/tribe_events\/14491\/revisions"}],"predecessor-version":[{"id":14533,"href":"https:\/\/courtmetrange.eu\/en\/wp-json\/wp\/v2\/tribe_events\/14491\/revisions\/14533"}],"wp:featuredmedia":[{"embeddable":true,"href":"https:\/\/courtmetrange.eu\/en\/wp-json\/wp\/v2\/media\/14495"}],"wp:attachment":[{"href":"https:\/\/courtmetrange.eu\/en\/wp-json\/wp\/v2\/media?parent=14491"}],"wp:term":[{"taxonomy":"post_tag","embeddable":true,"href":"https:\/\/courtmetrange.eu\/en\/wp-json\/wp\/v2\/tags?post=14491"},{"taxonomy":"tribe_events_cat","embeddable":true,"href":"https:\/\/courtmetrange.eu\/en\/wp-json\/wp\/v2\/tribe_events_cat?post=14491"}],"curies":[{"name":"wp","href":"https:\/\/api.w.org\/{rel}","templated":true}]}}

LES LÉGENDES DU CIEL

<p>Le Planétarium de l’Espace des sciences de Rennes, spécialiste de l’Infiniment Grand, s’associe à Court Métrange pour vous inviter à un voyage fantastique. À travers les âges, l’humanité a créé des légendes pour comprendre les mystères du ciel, notamment les récits grecs qui éclairent encore aujourd’hui les constellations.<br />
Cette séance plongera les participant·es dans ces histoires fascinantes à l’origine de l’astronomie</p>
<p>Mercredi 01 octobre à 17h30<br />
Planétarium de l’Espace des Sciences de Rennes</p>
<p>Billetterie et tarif du planétarium</p>

<p>Le Planétarium de l’Espace des sciences de Rennes, spécialiste de l’Infiniment Grand, s’associe à Court Métrange pour vous inviter à un voyage fantastique. À travers les âges, l’humanité a créé [&hellip;]</p>

<!-- This site is optimized with the Yoast SEO plugin v24.5 - https://yoast.com/wordpress/plugins/seo/ -->
<title>LES LÉGENDES DU CIEL - Court Métrange</title>
<meta name="robots" content="noindex, follow" />
<meta property="og:locale" content="en_GB" />
<meta property="og:type" content="article" />
<meta property="og:title" content="LES LÉGENDES DU CIEL - Court Métrange" />
<meta property="og:description" content="Le Planétarium de l’Espace des sciences de Rennes, spécialiste de l’Infiniment Grand, s’associe à Court Métrange pour vous inviter à un voyage fantastique. À travers les âges, l’humanité a créé [&hellip;]" />
<meta property="og:url" content="https://courtmetrange.eu/en/agenda/les-legendes-du-ciel/" />
<meta property="og:site_name" content="Court Métrange" />
<meta property="article:publisher" content="https://www.facebook.com/CourtMetrange/" />
<meta property="article:modified_time" content="2025-09-30T09:20:37+00:00" />
<meta property="og:image" content="https://courtmetrange.eu/wp-content/uploads/2025/09/photo-02.png" />
	<meta property="og:image:width" content="642" />
	<meta property="og:image:height" content="642" />
	<meta property="og:image:type" content="image/png" />
<meta name="twitter:card" content="summary_large_image" />
<meta name="twitter:site" content="@courtmetrange" />
<meta name="twitter:label1" content="Estimated reading time" />
	<meta name="twitter:data1" content="1 minute" />
<script type="application/ld+json" class="yoast-schema-graph">{"@context":"https://schema.org","@graph":[{"@type":"WebPage","@id":"https://courtmetrange.eu/agenda/les-legendes-du-ciel/","url":"https://courtmetrange.eu/agenda/les-legendes-du-ciel/","name":"LES LÉGENDES DU CIEL - Court Métrange","isPartOf":{"@id":"https://courtmetrange.eu/en/#website"},"primaryImageOfPage":{"@id":"https://courtmetrange.eu/agenda/les-legendes-du-ciel/#primaryimage"},"image":{"@id":"https://courtmetrange.eu/agenda/les-legendes-du-ciel/#primaryimage"},"thumbnailUrl":"https://courtmetrange.eu/wp-content/uploads/2025/09/photo-02.png","datePublished":"2025-09-29T14:32:32+00:00","dateModified":"2025-09-30T09:20:37+00:00","breadcrumb":{"@id":"https://courtmetrange.eu/agenda/les-legendes-du-ciel/#breadcrumb"},"inLanguage":"en-GB","potentialAction":[{"@type":"ReadAction","target":["https://courtmetrange.eu/agenda/les-legendes-du-ciel/"]}]},{"@type":"ImageObject","inLanguage":"en-GB","@id":"https://courtmetrange.eu/agenda/les-legendes-du-ciel/#primaryimage","url":"https://courtmetrange.eu/wp-content/uploads/2025/09/photo-02.png","contentUrl":"https://courtmetrange.eu/wp-content/uploads/2025/09/photo-02.png","width":642,"height":642},{"@type":"BreadcrumbList","@id":"https://courtmetrange.eu/agenda/les-legendes-du-ciel/#breadcrumb","itemListElement":[{"@type":"ListItem","position":1,"name":"Accueil","item":"https://courtmetrange.eu/"},{"@type":"ListItem","position":2,"name":"Events","item":"https://courtmetrange.eu/en/agenda/"},{"@type":"ListItem","position":3,"name":"LES LÉGENDES DU CIEL"}]},{"@type":"WebSite","@id":"https://courtmetrange.eu/en/#website","url":"https://courtmetrange.eu/en/","name":"Court Métrange","description":"Festival International du court métrage insolite et fantastique de Rennes","publisher":{"@id":"https://courtmetrange.eu/en/#organization"},"potentialAction":[{"@type":"SearchAction","target":{"@type":"EntryPoint","urlTemplate":"https://courtmetrange.eu/en/?s={search_term_string}"},"query-input":{"@type":"PropertyValueSpecification","valueRequired":true,"valueName":"search_term_string"}}],"inLanguage":"en-GB"},{"@type":"Organization","@id":"https://courtmetrange.eu/en/#organization","name":"Court Métrange","url":"https://courtmetrange.eu/en/","logo":{"@type":"ImageObject","inLanguage":"en-GB","@id":"https://courtmetrange.eu/en/#/schema/logo/image/","url":"https://courtmetrange.eu/wp-content/uploads/2020/11/Logo_CourtMetrange.svg","contentUrl":"https://courtmetrange.eu/wp-content/uploads/2020/11/Logo_CourtMetrange.svg","width":251,"height":127,"caption":"Court Métrange"},"image":{"@id":"https://courtmetrange.eu/en/#/schema/logo/image/"},"sameAs":["https://www.facebook.com/CourtMetrange/","https://x.com/courtmetrange","https://www.instagram.com/courtmetrange.rennes/","https://www.youtube.com/channel/UCbS9jcW3uiDQeGgZAT29Emw/videos"]}]}</script>
<!-- / Yoast SEO plugin. -->

LES LÉGENDES DU CIEL - Court Métrange

Le Planétarium de l’Espace des sciences de Rennes, spécialiste de l’Infiniment Grand, s’associe à Court Métrange pour vous inviter à un voyage fantastique. À travers les âges, l’humanité a créé [&hellip;]

Court Métrange

Festival International du court métrage insolite et fantastique de Rennes
